Last updated on 2022-06-26 03:50:09 CEST.
Flavor | Version | Tinstall | Tcheck | Ttotal | Status | Flags |
---|---|---|---|---|---|---|
r-devel-linux-x86_64-debian-clang | 1.5.4 | 56.09 | 381.51 | 437.60 | NOTE | |
r-devel-linux-x86_64-debian-gcc | 1.5.4 | 42.51 | 276.76 | 319.27 | NOTE | |
r-devel-linux-x86_64-fedora-clang | 1.5.4 | 508.19 | NOTE | |||
r-devel-linux-x86_64-fedora-gcc | 1.5.4 | 545.04 | NOTE | |||
r-devel-windows-x86_64 | 1.5.4 | 76.00 | 355.00 | 431.00 | NOTE | |
r-patched-linux-x86_64 | 1.5.4 | 50.27 | 359.28 | 409.55 | NOTE | |
r-release-linux-x86_64 | 1.5.4 | 47.95 | 358.03 | 405.98 | NOTE | |
r-release-macos-arm64 | 1.5.4 | 100.00 | NOTE | |||
r-release-macos-x86_64 | 1.5.4 | 185.00 | NOTE | |||
r-release-windows-x86_64 | 1.5.4 | 65.00 | 339.00 | 404.00 | NOTE | |
r-oldrel-macos-arm64 | 1.5.4 | 109.00 | NOTE | |||
r-oldrel-macos-x86_64 | 1.5.4 | 95.00 | NOTE | |||
r-oldrel-windows-ix86+x86_64 | 1.5.4 | 100.00 | 357.00 | 457.00 | OK |
Version: 1.5.4
Check: package dependencies
Result: NOTE
Packages suggested but not available for checking: 'geoR', 'INLA'
Flavors: r-devel-linux-x86_64-debian-clang, r-devel-linux-x86_64-debian-gcc, r-patched-linux-x86_64, r-release-linux-x86_64
Version: 1.5.4
Check: package dependencies
Result: NOTE
Package suggested but not available for checking: ‘geoR’
Flavors: r-devel-linux-x86_64-fedora-clang, r-devel-linux-x86_64-fedora-gcc
Version: 1.5.4
Check: package dependencies
Result: NOTE
Package suggested but not available for checking: 'INLA'
Flavors: r-devel-windows-x86_64, r-release-macos-arm64, r-release-macos-x86_64, r-release-windows-x86_64, r-oldrel-macos-arm64, r-oldrel-macos-x86_64