CRAN Package Check Results for Package PreciseSums

Last updated on 2022-12-09 21:53:53 CET.

Flavor Version Tinstall Tcheck Ttotal Status Flags
r-devel-linux-x86_64-debian-clang 0.5 3.22 23.51 26.73 WARN
r-devel-linux-x86_64-debian-gcc 0.5 2.40 18.58 20.98 WARN
r-devel-linux-x86_64-fedora-clang 0.5 43.79 WARN
r-devel-linux-x86_64-fedora-gcc 0.5 42.09 WARN
r-devel-windows-x86_64 0.5 22.00 56.00 78.00 OK
r-patched-linux-x86_64 0.5 2.73 22.89 25.62 OK
r-release-linux-x86_64 0.5 2.84 22.83 25.67 OK
r-release-macos-arm64 0.5 15.00 OK
r-release-macos-x86_64 0.5 23.00 OK
r-release-windows-x86_64 0.5 20.00 53.00 73.00 OK
r-oldrel-macos-arm64 0.5 18.00 OK
r-oldrel-macos-x86_64 0.5 25.00 OK
r-oldrel-windows-ix86+x86_64 0.5 10.00 55.00 65.00 OK

Check Details

Version: 0.5
Check: whether package can be installed
Result: WARN
    Found the following significant warnings:
     sum.c:358:31: warning: a function declaration without a prototype is deprecated in all versions of C [-Wstrict-prototypes]
     prod.c:27:32: warning: a function declaration without a prototype is deprecated in all versions of C [-Wstrict-prototypes]
     init.c:28:24: warning: a function declaration without a prototype is deprecated in all versions of C [-Wstrict-prototypes]
     init.c:29:25: warning: a function declaration without a prototype is deprecated in all versions of C [-Wstrict-prototypes]
Flavors: r-devel-linux-x86_64-debian-clang, r-devel-linux-x86_64-fedora-clang

Version: 0.5
Check: whether package can be installed
Result: WARN
    Found the following significant warnings:
     sum.c:358:12: warning: function declaration isn’t a prototype [-Wstrict-prototypes]
     prod.c:27:12: warning: function declaration isn’t a prototype [-Wstrict-prototypes]
     init.c:28:1: warning: function declaration isn’t a prototype [-Wstrict-prototypes]
     init.c:29:1: warning: function declaration isn’t a prototype [-Wstrict-prototypes]
Flavors: r-devel-linux-x86_64-debian-gcc, r-devel-linux-x86_64-fedora-gcc