CRAN Package Check Results for Package PreProcessing

Last updated on 2025-05-11 12:50:28 CEST.

Flavor Version Tinstall Tcheck Ttotal Status Flags
r-devel-linux-x86_64-debian-clang 0.1.0 1.67 17.03 18.70 NOTE
r-devel-linux-x86_64-debian-gcc 0.1.0 1.45 14.00 15.45 NOTE
r-devel-linux-x86_64-fedora-clang 0.1.0 28.67 NOTE
r-devel-linux-x86_64-fedora-gcc 0.1.0 27.51 NOTE
r-devel-windows-x86_64 0.1.0 3.00 38.00 41.00 OK
r-patched-linux-x86_64 0.1.0 1.71 16.14 17.85 OK
r-release-linux-x86_64 0.1.0 1.68 16.06 17.74 OK
r-release-macos-arm64 0.1.0 14.00 OK
r-release-macos-x86_64 0.1.0 22.00 OK
r-release-windows-x86_64 0.1.0 3.00 37.00 40.00 OK
r-oldrel-macos-arm64 0.1.0 18.00 OK
r-oldrel-macos-x86_64 0.1.0 20.00 OK
r-oldrel-windows-x86_64 0.1.0 3.00 41.00 44.00 OK

Check Details

Version: 0.1.0
Check: CRAN incoming feasibility
Result: NOTE Maintainer: ‘Swamiji Pravedson <swamiji.pravedson@gmail.com>’ No Authors@R field in DESCRIPTION. Please add one, modifying Authors@R: person(given = "Swamiji", family = "Pravedson", role = c("aut", "cre"), email = "swamiji.pravedson@gmail.com") as necessary. Flavors: r-devel-linux-x86_64-debian-clang, r-devel-linux-x86_64-debian-gcc

Version: 0.1.0
Check: dependencies in R code
Result: NOTE Namespace in Imports field not imported from: ‘ggplot2’ All declared Imports should be used. Flavors: r-devel-linux-x86_64-fedora-clang, r-devel-linux-x86_64-fedora-gcc