CRAN Package Check Results for Package PracticalEquiDesign

Last updated on 2023-04-02 12:56:13 CEST.

Flavor Version Tinstall Tcheck Ttotal Status Flags
r-devel-linux-x86_64-debian-clang 0.0.3 2.45 29.32 31.77 OK
r-devel-linux-x86_64-debian-gcc 0.0.3 1.93 22.41 24.34 OK
r-devel-linux-x86_64-fedora-clang 0.0.3 40.45 NOTE
r-devel-linux-x86_64-fedora-gcc 0.0.3 51.99 NOTE
r-devel-windows-x86_64 0.0.3 5.00 59.00 64.00 OK
r-patched-linux-x86_64 0.0.3 2.03 27.88 29.91 OK
r-release-linux-x86_64 0.0.3 1.61 29.73 31.34 OK
r-release-macos-arm64 0.0.3 18.00 NOTE
r-release-macos-x86_64 0.0.3 33.00 NOTE
r-release-windows-x86_64 0.0.3 19.00 67.00 86.00 OK
r-oldrel-macos-arm64 0.0.3 20.00 NOTE
r-oldrel-macos-x86_64 0.0.3 26.00 NOTE
r-oldrel-windows-ix86+x86_64 0.0.3 7.00 54.00 61.00 OK

Check Details

Version: 0.0.3
Check: dependencies in R code
Result: NOTE
    Namespaces in Imports field not imported from:
     ‘dplyr’ ‘methods’ ‘numDeriv’ ‘tidyr’
     All declared Imports should be used.
Flavors: r-devel-linux-x86_64-fedora-clang, r-devel-linux-x86_64-fedora-gcc, r-release-macos-arm64, r-release-macos-x86_64, r-oldrel-macos-arm64, r-oldrel-macos-x86_64