CRAN Package Check Results for Package PortfolioAnalytics

Last updated on 2020-06-06 22:51:20 CEST.

Flavor Version Tinstall Tcheck Ttotal Status Flags
r-devel-linux-x86_64-debian-clang 1.1.0 16.26 429.08 445.34 OK
r-devel-linux-x86_64-debian-gcc 1.1.0 16.65 303.71 320.36 OK
r-devel-linux-x86_64-fedora-clang 1.1.0 738.58 OK
r-devel-linux-x86_64-fedora-gcc 1.1.0 905.55 OK
r-devel-windows-ix86+x86_64 1.1.0 44.00 684.00 728.00 OK --no-vignettes
r-patched-linux-x86_64 1.1.0 17.39 424.86 442.25 OK
r-patched-solaris-x86 1.1.0 900.50 NOTE
r-release-linux-x86_64 1.1.0 17.64 420.11 437.75 OK
r-release-osx-x86_64 1.1.0 NOTE
r-release-windows-ix86+x86_64 1.1.0 30.00 931.00 961.00 OK --no-vignettes
r-oldrel-osx-x86_64 1.1.0 FAIL
r-oldrel-windows-ix86+x86_64 1.1.0 45.00 638.00 683.00 OK --no-vignettes

Check Details

Version: 1.1.0
Check: package dependencies
Result: NOTE
    Package suggested but not available for checking: ‘ROI.plugin.symphony’
Flavors: r-patched-solaris-x86, r-release-osx-x86_64, r-oldrel-osx-x86_64

Version: 1.1.0
Check: re-building of vignette outputs
Result: FAIL
Flavor: r-oldrel-osx-x86_64