CRAN Package Check Results for Package PopGenome

Last updated on 2020-08-08 12:49:11 CEST.

Flavor Version Tinstall Tcheck Ttotal Status Flags
r-devel-linux-x86_64-debian-clang 2.7.5 64.15 147.98 212.13 NOTE
r-devel-linux-x86_64-debian-gcc 2.7.5 52.50 109.95 162.45 NOTE
r-devel-linux-x86_64-fedora-clang 2.7.5 277.50 NOTE
r-devel-linux-x86_64-fedora-gcc 2.7.5 251.21 NOTE
r-devel-windows-ix86+x86_64 2.7.5 231.00 213.00 444.00 NOTE
r-patched-linux-x86_64 2.7.5 58.56 146.36 204.92 NOTE
r-patched-solaris-x86 2.7.5 313.00 NOTE
r-release-linux-x86_64 2.7.5 61.85 146.20 208.05 NOTE
r-release-macos-x86_64 2.7.5 NOTE
r-release-windows-ix86+x86_64 2.7.5 227.00 164.00 391.00 NOTE
r-oldrel-macos-x86_64 2.7.5 OK
r-oldrel-windows-ix86+x86_64 2.7.5 158.00 156.00 314.00 OK

Additional issues

rchk

Check Details

Version: 2.7.5
Check: package dependencies
Result: NOTE
    Package suggested but not available for checking: 'WhopGenome'
Flavors: r-devel-linux-x86_64-debian-clang, r-devel-linux-x86_64-debian-gcc, r-devel-linux-x86_64-fedora-clang, r-devel-linux-x86_64-fedora-gcc, r-patched-linux-x86_64, r-patched-solaris-x86, r-release-linux-x86_64, r-release-macos-x86_64

Version: 2.7.5
Check: installed package size
Result: NOTE
     installed size is 5.3Mb
     sub-directories of 1Mb or more:
     R 1.6Mb
     doc 1.1Mb
     libs 2.3Mb
Flavors: r-devel-windows-ix86+x86_64, r-release-windows-ix86+x86_64