Last updated on 2022-08-18 12:54:09 CEST.
Flavor | Version | Tinstall | Tcheck | Ttotal | Status | Flags |
---|---|---|---|---|---|---|
r-devel-linux-x86_64-debian-clang | 0.1.3 | 220.83 | 127.75 | 348.58 | NOTE | |
r-devel-linux-x86_64-debian-gcc | 0.1.3 | 212.18 | 102.59 | 314.77 | NOTE | |
r-devel-linux-x86_64-fedora-clang | 0.1.3 | 450.18 | NOTE | |||
r-devel-linux-x86_64-fedora-gcc | 0.1.3 | 535.90 | NOTE | |||
r-devel-windows-x86_64 | 0.1.3 | 854.00 | 196.00 | 1050.00 | NOTE | |
r-patched-linux-x86_64 | 0.1.3 | 230.37 | 134.70 | 365.07 | NOTE | |
r-release-linux-x86_64 | 0.1.3 | 231.90 | 132.55 | 364.45 | NOTE | |
r-release-macos-arm64 | 0.1.3 | 138.00 | NOTE | |||
r-release-macos-x86_64 | 0.1.3 | 175.00 | NOTE | |||
r-release-windows-x86_64 | 0.1.3 | 347.00 | 191.00 | 538.00 | NOTE | |
r-oldrel-macos-arm64 | 0.1.3 | 100.00 | NOTE | |||
r-oldrel-macos-x86_64 | 0.1.3 | 169.00 | NOTE | |||
r-oldrel-windows-ix86+x86_64 | 0.1.3 | 523.00 | 245.00 | 768.00 | NOTE |
Version: 0.1.3
Check: for GNU extensions in Makefiles
Result: NOTE
GNU make is a SystemRequirements.
Flavors: r-devel-linux-x86_64-debian-clang, r-devel-linux-x86_64-debian-gcc, r-devel-linux-x86_64-fedora-clang, r-devel-linux-x86_64-fedora-gcc, r-devel-windows-x86_64, r-patched-linux-x86_64, r-release-linux-x86_64, r-release-macos-arm64, r-release-macos-x86_64, r-release-windows-x86_64, r-oldrel-macos-arm64, r-oldrel-macos-x86_64, r-oldrel-windows-ix86+x86_64
Version: 0.1.3
Check: dependencies in R code
Result: NOTE
Namespace in Imports field not imported from: ‘rstantools’
All declared Imports should be used.
Flavors: r-devel-linux-x86_64-fedora-clang, r-devel-linux-x86_64-fedora-gcc, r-release-macos-arm64, r-release-macos-x86_64, r-oldrel-macos-arm64, r-oldrel-macos-x86_64
Version: 0.1.3
Check: installed package size
Result: NOTE
installed size is 42.2Mb
sub-directories of 1Mb or more:
libs 41.9Mb
Flavors: r-release-macos-arm64, r-release-macos-x86_64, r-oldrel-macos-arm64, r-oldrel-macos-x86_64, r-oldrel-windows-ix86+x86_64