CRAN Package Check Results for Package PoissonSeq

Last updated on 2022-01-26 21:50:17 CET.

Flavor Version Tinstall Tcheck Ttotal Status Flags
r-devel-linux-x86_64-debian-clang 1.1.2 2.37 33.30 35.67 NOTE
r-devel-linux-x86_64-debian-gcc 1.1.2 1.91 26.03 27.94 NOTE
r-devel-linux-x86_64-fedora-clang 1.1.2 44.20 NOTE
r-devel-linux-x86_64-fedora-gcc 1.1.2 33.17 NOTE
r-devel-windows-x86_64-new-UL 1.1.2 25.00 50.00 75.00 NOTE
r-devel-windows-x86_64-new-TK 1.1.2 NOTE
r-patched-linux-x86_64 1.1.2 2.02 31.41 33.43 NOTE
r-release-linux-x86_64 1.1.2 1.93 31.82 33.75 NOTE
r-release-macos-arm64 1.1.2 NOTE
r-release-macos-x86_64 1.1.2 NOTE
r-release-windows-ix86+x86_64 1.1.2 6.00 45.00 51.00 NOTE
r-oldrel-macos-x86_64 1.1.2 NOTE
r-oldrel-windows-ix86+x86_64 1.1.2 5.00 38.00 43.00 NOTE

Check Details

Version: 1.1.2
Check: top-level files
Result: NOTE
    File
     LICENSE
    is not mentioned in the DESCRIPTION file.
Flavors: r-devel-linux-x86_64-debian-clang, r-devel-linux-x86_64-debian-gcc, r-devel-linux-x86_64-fedora-clang, r-devel-linux-x86_64-fedora-gcc, r-devel-windows-x86_64-new-UL, r-devel-windows-x86_64-new-TK, r-patched-linux-x86_64, r-release-linux-x86_64, r-release-macos-arm64, r-release-macos-x86_64, r-release-windows-ix86+x86_64, r-oldrel-macos-x86_64, r-oldrel-windows-ix86+x86_64

Version: 1.1.2
Check: dependencies in R code
Result: NOTE
    Packages in Depends field not imported from:
     'combinat' 'splines'
     These packages need to be imported from (in the NAMESPACE file)
     for when this namespace is loaded but not attached.
Flavors: r-devel-linux-x86_64-debian-clang, r-devel-linux-x86_64-debian-gcc, r-devel-linux-x86_64-fedora-clang, r-devel-linux-x86_64-fedora-gcc, r-devel-windows-x86_64-new-UL, r-devel-windows-x86_64-new-TK, r-patched-linux-x86_64, r-release-linux-x86_64, r-release-macos-arm64, r-release-macos-x86_64, r-release-windows-ix86+x86_64, r-oldrel-macos-x86_64, r-oldrel-windows-ix86+x86_64

Version: 1.1.2
Check: R code for possible problems
Result: NOTE
    Est.Depth: no visible global function definition for 'quantile'
    PS.FDR: no visible global function definition for 'quantile'
    Permu.Ind: no visible global function definition for 'permn'
    Permu.Ind: no visible global function definition for 'hcube'
    Trans.Data: no visible global function definition for 'write.table'
    Trans.Data: no visible global function definition for 'predict'
    Trans.Data: no visible global function definition for 'lm'
    Undefined global functions or variables:
     hcube lm permn predict quantile write.table
    Consider adding
     importFrom("stats", "lm", "predict", "quantile")
     importFrom("utils", "write.table")
    to your NAMESPACE file.
Flavors: r-devel-linux-x86_64-debian-clang, r-devel-linux-x86_64-debian-gcc, r-devel-linux-x86_64-fedora-clang, r-devel-linux-x86_64-fedora-gcc, r-devel-windows-x86_64-new-UL, r-devel-windows-x86_64-new-TK, r-patched-linux-x86_64, r-release-linux-x86_64, r-release-macos-arm64, r-release-macos-x86_64, r-release-windows-ix86+x86_64, r-oldrel-macos-x86_64, r-oldrel-windows-ix86+x86_64

Version: 1.1.2
Check: for non-standard things in the check directory
Result: NOTE
    Found the following files/directories:
     'pow.txt'
Flavors: r-devel-linux-x86_64-debian-clang, r-devel-linux-x86_64-debian-gcc, r-devel-linux-x86_64-fedora-clang, r-devel-linux-x86_64-fedora-gcc, r-patched-linux-x86_64, r-release-linux-x86_64