CRAN Package Check Results for Package PlotContour

Last updated on 2023-03-30 21:50:02 CEST.

Flavor Version Tinstall Tcheck Ttotal Status Flags
r-devel-linux-x86_64-debian-clang 0.1.0 1.85 20.61 22.46 NOTE
r-devel-linux-x86_64-debian-gcc 0.1.0 1.53 16.12 17.65 NOTE
r-devel-linux-x86_64-fedora-clang 0.1.0 28.76 NOTE
r-devel-linux-x86_64-fedora-gcc 0.1.0 28.76 NOTE
r-devel-windows-x86_64 0.1.0 14.00 0.00 14.00 NOTE
r-patched-linux-x86_64 0.1.0 1.96 19.72 21.68 NOTE
r-release-linux-x86_64 0.1.0 2.05 21.87 23.92 NOTE
r-release-macos-arm64 0.1.0 14.00 NOTE
r-release-macos-x86_64 0.1.0 21.00 NOTE
r-release-windows-x86_64 0.1.0 10.00 53.00 63.00 NOTE
r-oldrel-macos-arm64 0.1.0 19.00 NOTE
r-oldrel-macos-x86_64 0.1.0 28.00 NOTE
r-oldrel-windows-ix86+x86_64 0.1.0 5.00 47.00 52.00 NOTE

Check Details

Version: 0.1.0
Check: LazyData
Result: NOTE
     'LazyData' is specified without a 'data' directory
Flavors: r-devel-linux-x86_64-debian-clang, r-devel-linux-x86_64-debian-gcc, r-devel-linux-x86_64-fedora-clang, r-devel-linux-x86_64-fedora-gcc, r-devel-windows-x86_64, r-patched-linux-x86_64, r-release-linux-x86_64, r-release-macos-arm64, r-release-macos-x86_64, r-release-windows-x86_64, r-oldrel-macos-arm64, r-oldrel-macos-x86_64, r-oldrel-windows-ix86+x86_64