Last updated on 2023-12-08 20:55:18 CET.
Flavor | Version | Tinstall | Tcheck | Ttotal | Status | Flags |
---|---|---|---|---|---|---|
r-devel-linux-x86_64-debian-clang | 0.4.3 | 21.47 | 430.03 | 451.50 | NOTE | |
r-devel-linux-x86_64-debian-gcc | 0.4.3 | 15.67 | 304.56 | 320.23 | NOTE | |
r-devel-linux-x86_64-fedora-clang | 0.4.3 | 580.33 | OK | |||
r-devel-linux-x86_64-fedora-gcc | 0.4.3 | 549.35 | OK | |||
r-devel-windows-x86_64 | 0.4.3 | 19.00 | 290.00 | 309.00 | OK | |
r-patched-linux-x86_64 | 0.4.3 | 24.13 | 428.18 | 452.31 | OK | |
r-release-linux-x86_64 | 0.4.3 | 23.35 | 419.57 | 442.92 | OK | |
r-release-macos-arm64 | 0.4.3 | 126.00 | OK | |||
r-release-macos-x86_64 | 0.4.3 | 432.00 | OK | |||
r-release-windows-x86_64 | 0.4.3 | 22.00 | 385.00 | 407.00 | OK | |
r-oldrel-macos-arm64 | 0.4.3 | 113.00 | OK | |||
r-oldrel-macos-x86_64 | 0.4.3 | 170.00 | OK | |||
r-oldrel-windows-x86_64 | 0.4.3 | 25.00 | 396.00 | 421.00 | OK |
Version: 0.4.3
Check: Rd files
Result: NOTE
checkRd: (-1) adjacency.Rd:27: Lost braces; missing escapes or markup?
27 | item j. For example, in the ranking \\{1\\} > \\{3, 4\\} > \\{2\\},
| ^
checkRd: (-1) adjacency.Rd:27: Lost braces; missing escapes or markup?
27 | item j. For example, in the ranking \\{1\\} > \\{3, 4\\} > \\{2\\},
| ^
checkRd: (-1) adjacency.Rd:27: Lost braces; missing escapes or markup?
27 | item j. For example, in the ranking \\{1\\} > \\{3, 4\\} > \\{2\\},
| ^
checkRd: (-1) rankings.Rd:127: Lost braces; missing escapes or markup?
127 | rank skipped. For example {1, 0, 2, 1}, ranks the first and fourth items in
| ^
Flavors: r-devel-linux-x86_64-debian-clang, r-devel-linux-x86_64-debian-gcc