CRAN Package Check Results for Package Phase123

Last updated on 2022-09-29 21:49:13 CEST.

Flavor Version Tinstall Tcheck Ttotal Status Flags
r-devel-linux-x86_64-debian-clang 2.1 52.15 81.79 133.94 NOTE
r-devel-linux-x86_64-debian-gcc 2.1 36.27 62.12 98.39 NOTE
r-devel-linux-x86_64-fedora-clang 2.1 191.80 NOTE
r-devel-linux-x86_64-fedora-gcc 2.1 169.96 NOTE
r-devel-windows-x86_64 2.1 46.00 135.00 181.00 NOTE
r-patched-linux-x86_64 2.1 38.87 78.47 117.34 NOTE
r-release-linux-x86_64 2.1 39.05 77.04 116.09 NOTE
r-release-macos-arm64 2.1 45.00 NOTE
r-release-macos-x86_64 2.1 62.00 NOTE
r-release-windows-x86_64 2.1 44.00 134.00 178.00 NOTE
r-oldrel-macos-arm64 2.1 53.00 NOTE
r-oldrel-macos-x86_64 2.1 80.00 NOTE
r-oldrel-windows-ix86+x86_64 2.1 109.00 158.00 267.00 NOTE

Check Details

Version: 2.1
Check: LazyData
Result: NOTE
     'LazyData' is specified without a 'data' directory
Flavors: r-devel-linux-x86_64-debian-clang, r-devel-linux-x86_64-debian-gcc, r-devel-linux-x86_64-fedora-clang, r-devel-linux-x86_64-fedora-gcc, r-devel-windows-x86_64, r-patched-linux-x86_64, r-release-linux-x86_64, r-release-macos-arm64, r-release-macos-x86_64, r-release-windows-x86_64, r-oldrel-macos-arm64, r-oldrel-macos-x86_64, r-oldrel-windows-ix86+x86_64