Last updated on 2024-03-29 12:54:13 CET.
Flavor | Version | Tinstall | Tcheck | Ttotal | Status | Flags |
---|---|---|---|---|---|---|
r-devel-linux-x86_64-debian-clang | 2.1 | 56.10 | 81.28 | 137.38 | NOTE | |
r-devel-linux-x86_64-debian-gcc | 2.1 | 38.12 | 59.28 | 97.40 | NOTE | |
r-devel-linux-x86_64-fedora-clang | 2.1 | 173.76 | NOTE | |||
r-devel-linux-x86_64-fedora-gcc | 2.1 | 171.57 | NOTE | |||
r-devel-windows-x86_64 | 2.1 | 40.00 | 103.00 | 143.00 | NOTE | |
r-patched-linux-x86_64 | 2.1 | 47.58 | 76.93 | 124.51 | NOTE | |
r-release-linux-x86_64 | 2.1 | 50.19 | 77.49 | 127.68 | NOTE | |
r-release-macos-arm64 | 2.1 | 53.00 | NOTE | |||
r-release-macos-x86_64 | 2.1 | 86.00 | NOTE | |||
r-release-windows-x86_64 | 2.1 | 48.00 | 122.00 | 170.00 | NOTE | |
r-oldrel-macos-arm64 | 2.1 | 45.00 | NOTE | |||
r-oldrel-windows-x86_64 | 2.1 | 48.00 | 116.00 | 164.00 | NOTE |
Version: 2.1
Check: LazyData
Result: NOTE
'LazyData' is specified without a 'data' directory
Flavors: r-devel-linux-x86_64-debian-clang, r-devel-linux-x86_64-debian-gcc, r-devel-linux-x86_64-fedora-clang, r-devel-linux-x86_64-fedora-gcc, r-devel-windows-x86_64, r-patched-linux-x86_64, r-release-linux-x86_64, r-release-macos-arm64, r-release-macos-x86_64, r-release-windows-x86_64, r-oldrel-macos-arm64, r-oldrel-windows-x86_64