Last updated on 2024-03-28 12:50:42 CET.
Flavor | Version | Tinstall | Tcheck | Ttotal | Status | Flags |
---|---|---|---|---|---|---|
r-devel-linux-x86_64-debian-clang | 2.1.0 | 3.30 | 28.04 | 31.34 | NOTE | |
r-devel-linux-x86_64-debian-gcc | 2.1.0 | 2.55 | 21.91 | 24.46 | NOTE | |
r-devel-linux-x86_64-fedora-clang | 2.1.0 | 40.35 | NOTE | |||
r-devel-linux-x86_64-fedora-gcc | 2.1.0 | 51.66 | NOTE | |||
r-devel-windows-x86_64 | 2.1.0 | 4.00 | 44.00 | 48.00 | NOTE | |
r-patched-linux-x86_64 | 2.1.0 | 3.10 | 26.83 | 29.93 | NOTE | |
r-release-linux-x86_64 | 2.1.0 | 3.25 | 24.96 | 28.21 | NOTE | |
r-release-macos-arm64 | 2.1.0 | 22.00 | NOTE | |||
r-release-macos-x86_64 | 2.1.0 | 32.00 | NOTE | |||
r-release-windows-x86_64 | 2.1.0 | 4.00 | 44.00 | 48.00 | NOTE | |
r-oldrel-macos-arm64 | 2.1.0 | 20.00 | NOTE | |||
r-oldrel-windows-x86_64 | 2.1.0 | 5.00 | 47.00 | 52.00 | NOTE |
Version: 2.1.0
Check: LazyData
Result: NOTE
'LazyData' is specified without a 'data' directory
Flavors: r-devel-linux-x86_64-debian-clang, r-devel-linux-x86_64-debian-gcc, r-devel-linux-x86_64-fedora-clang, r-devel-linux-x86_64-fedora-gcc, r-devel-windows-x86_64, r-patched-linux-x86_64, r-release-linux-x86_64, r-release-macos-arm64, r-release-macos-x86_64, r-release-windows-x86_64, r-oldrel-macos-arm64, r-oldrel-windows-x86_64
Version: 2.1.0
Check: dependencies in R code
Result: NOTE
Namespace in Imports field not imported from: ‘R6’
All declared Imports should be used.
Flavors: r-devel-linux-x86_64-fedora-clang, r-devel-linux-x86_64-fedora-gcc