Last updated on 2024-04-19 06:03:29 CEST.
Flavor | Version | Tinstall | Tcheck | Ttotal | Status | Flags |
---|---|---|---|---|---|---|
r-devel-linux-x86_64-debian-clang | 0.3.4 | 10.82 | 69.02 | 79.84 | NOTE | |
r-devel-linux-x86_64-debian-gcc | 0.3.4 | NOTE | ||||
r-devel-linux-x86_64-fedora-clang | 0.3.4 | 98.45 | NOTE | |||
r-devel-linux-x86_64-fedora-gcc | 0.3.4 | 103.55 | NOTE | |||
r-prerel-macos-arm64 | 0.3.4 | 33.00 | NOTE | |||
r-prerel-macos-x86_64 | 0.3.4 | 66.00 | NOTE | |||
r-prerel-windows-x86_64 | 0.3.4 | 8.00 | 72.00 | 80.00 | NOTE | |
r-patched-linux-x86_64 | 0.3.4 | 12.74 | 63.63 | 76.37 | NOTE | |
r-release-linux-x86_64 | 0.3.4 | 6.90 | 65.28 | 72.18 | NOTE | |
r-release-macos-arm64 | 0.3.4 | 38.00 | NOTE | |||
r-release-macos-x86_64 | 0.3.4 | 48.00 | NOTE | |||
r-release-windows-x86_64 | 0.3.4 | 11.00 | 80.00 | 91.00 | NOTE | |
r-oldrel-macos-arm64 | 0.3.4 | 28.00 | NOTE | |||
r-oldrel-windows-x86_64 | 0.3.4 | 11.00 | 83.00 | 94.00 | NOTE |
Version: 0.3.4
Check: LazyData
Result: NOTE
'LazyData' is specified without a 'data' directory
Flavors: r-devel-linux-x86_64-debian-clang, r-devel-linux-x86_64-debian-gcc, r-devel-linux-x86_64-fedora-clang, r-devel-linux-x86_64-fedora-gcc, r-prerel-macos-arm64, r-prerel-macos-x86_64, r-prerel-windows-x86_64, r-patched-linux-x86_64, r-release-linux-x86_64, r-release-macos-arm64, r-release-macos-x86_64, r-release-windows-x86_64, r-oldrel-macos-arm64, r-oldrel-windows-x86_64