Last updated on 2023-09-23 21:52:52 CEST.
Flavor | Version | Tinstall | Tcheck | Ttotal | Status | Flags |
---|---|---|---|---|---|---|
r-devel-linux-x86_64-debian-clang | 1.0.1 | 33.84 | 80.81 | 114.65 | NOTE | |
r-devel-linux-x86_64-debian-gcc | 1.0.1 | 28.24 | 70.64 | 98.88 | NOTE | |
r-devel-linux-x86_64-fedora-clang | 1.0.1 | 156.05 | NOTE | |||
r-devel-linux-x86_64-fedora-gcc | 1.0.1 | 157.39 | NOTE | |||
r-devel-windows-x86_64 | 1.0.1 | 31.00 | 97.00 | 128.00 | NOTE | |
r-patched-linux-x86_64 | 1.0.1 | 40.24 | 77.05 | 117.29 | NOTE | |
r-release-linux-x86_64 | 1.0.1 | 38.26 | 77.23 | 115.49 | NOTE | |
r-release-macos-arm64 | 1.0.1 | 46.00 | NOTE | |||
r-release-macos-x86_64 | 1.0.1 | 71.00 | NOTE | |||
r-release-windows-x86_64 | 1.0.1 | 40.00 | 112.00 | 152.00 | NOTE | |
r-oldrel-macos-arm64 | 1.0.1 | 42.00 | OK | |||
r-oldrel-macos-x86_64 | 1.0.1 | 55.00 | OK | |||
r-oldrel-windows-x86_64 | 1.0.1 | 38.00 | 112.00 | 150.00 | OK |
Version: 1.0.1
Check: C++ specification
Result: NOTE
Specified C++11: please drop specification unless essential
Flavors: r-devel-linux-x86_64-debian-clang, r-devel-linux-x86_64-debian-gcc, r-devel-linux-x86_64-fedora-clang, r-devel-linux-x86_64-fedora-gcc, r-devel-windows-x86_64, r-patched-linux-x86_64, r-release-linux-x86_64, r-release-macos-arm64, r-release-macos-x86_64, r-release-windows-x86_64
Version: 1.0.1
Check: compiled code
Result: NOTE
File ‘PenCoxFrail/libs/PenCoxFrail.so’:
Found no calls to: ‘R_registerRoutines’, ‘R_useDynamicSymbols’
It is good practice to register native routines and to disable symbol
search.
See ‘Writing portable packages’ in the ‘Writing R Extensions’ manual.
Flavors: r-devel-linux-x86_64-fedora-clang, r-devel-linux-x86_64-fedora-gcc