Last updated on 2024-04-19 21:56:36 CEST.
Flavor | Version | Tinstall | Tcheck | Ttotal | Status | Flags |
---|---|---|---|---|---|---|
r-devel-linux-x86_64-debian-clang | 1.0.1 | 31.87 | 76.24 | 108.11 | NOTE | |
r-devel-linux-x86_64-debian-gcc | 1.0.1 | NOTE | ||||
r-devel-linux-x86_64-fedora-clang | 1.0.1 | 152.99 | NOTE | |||
r-devel-linux-x86_64-fedora-gcc | 1.0.1 | 146.53 | NOTE | |||
r-prerel-macos-arm64 | 1.0.1 | 45.00 | NOTE | |||
r-prerel-windows-x86_64 | 1.0.1 | 30.00 | 91.00 | 121.00 | NOTE | |
r-patched-linux-x86_64 | 1.0.1 | 34.32 | 71.90 | 106.22 | NOTE | |
r-release-linux-x86_64 | 1.0.1 | 37.56 | 75.90 | 113.46 | NOTE | |
r-release-macos-arm64 | 1.0.1 | 46.00 | NOTE | |||
r-release-macos-x86_64 | 1.0.1 | 71.00 | NOTE | |||
r-release-windows-x86_64 | 1.0.1 | 40.00 | 111.00 | 151.00 | NOTE | |
r-oldrel-macos-arm64 | 1.0.1 | 42.00 | OK | |||
r-oldrel-windows-x86_64 | 1.0.1 | 38.00 | 110.00 | 148.00 | OK |
Version: 1.0.1
Check: C++ specification
Result: NOTE
Specified C++11: please drop specification unless essential
Flavors: r-devel-linux-x86_64-debian-clang, r-devel-linux-x86_64-debian-gcc, r-devel-linux-x86_64-fedora-clang, r-devel-linux-x86_64-fedora-gcc, r-prerel-macos-arm64, r-prerel-windows-x86_64, r-patched-linux-x86_64, r-release-linux-x86_64, r-release-macos-arm64, r-release-macos-x86_64, r-release-windows-x86_64
Version: 1.0.1
Check: compiled code
Result: NOTE
File ‘PenCoxFrail/libs/PenCoxFrail.so’:
Found no calls to: ‘R_registerRoutines’, ‘R_useDynamicSymbols’
It is good practice to register native routines and to disable symbol
search.
See ‘Writing portable packages’ in the ‘Writing R Extensions’ manual.
Flavors: r-devel-linux-x86_64-fedora-clang, r-devel-linux-x86_64-fedora-gcc