Last updated on 2023-03-23 03:53:28 CET.
Flavor | Version | Tinstall | Tcheck | Ttotal | Status | Flags |
---|---|---|---|---|---|---|
r-devel-linux-x86_64-debian-clang | 2018.05.25 | 9.24 | 153.99 | 163.23 | NOTE | |
r-devel-linux-x86_64-debian-gcc | 2018.05.25 | 7.09 | 109.43 | 116.52 | NOTE | |
r-devel-linux-x86_64-fedora-clang | 2018.05.25 | 203.31 | NOTE | |||
r-devel-linux-x86_64-fedora-gcc | 2018.05.25 | 204.49 | NOTE | |||
r-devel-windows-x86_64 | 2018.05.25 | 32.00 | 258.00 | 290.00 | NOTE | |
r-patched-linux-x86_64 | 2018.05.25 | 8.31 | 150.17 | 158.48 | OK | |
r-release-linux-x86_64 | 2018.05.25 | 9.54 | 147.72 | 157.26 | OK | |
r-release-macos-arm64 | 2018.05.25 | 52.00 | OK | |||
r-release-macos-x86_64 | 2018.05.25 | 100.00 | OK | |||
r-release-windows-x86_64 | 2018.05.25 | 36.00 | 255.00 | 291.00 | OK | |
r-oldrel-macos-arm64 | 2018.05.25 | 61.00 | OK | |||
r-oldrel-macos-x86_64 | 2018.05.25 | 114.00 | OK | |||
r-oldrel-windows-ix86+x86_64 | 2018.05.25 | 26.00 | 467.00 | 493.00 | OK |
Version: 2018.05.25
Check: C++ specification
Result: NOTE
Specified C++11: please drop specification unless essential
Flavors: r-devel-linux-x86_64-debian-clang, r-devel-linux-x86_64-debian-gcc, r-devel-linux-x86_64-fedora-clang, r-devel-linux-x86_64-fedora-gcc, r-devel-windows-x86_64