CRAN Package Check Results for Package Patterns

Last updated on 2022-10-05 12:56:57 CEST.

Flavor Version Tinstall Tcheck Ttotal Status Flags
r-devel-linux-x86_64-debian-clang 1.3 14.57 170.40 184.97 NOTE
r-devel-linux-x86_64-debian-gcc 1.3 13.64 128.73 142.37 NOTE
r-devel-linux-x86_64-fedora-clang 1.3 256.86 NOTE
r-devel-linux-x86_64-fedora-gcc 1.3 235.02 NOTE
r-devel-windows-x86_64 1.3 62.00 217.00 279.00 NOTE
r-patched-linux-x86_64 1.3 13.11 168.56 181.67 OK
r-release-linux-x86_64 1.3 11.67 165.21 176.88 OK
r-release-macos-arm64 1.3 6.00 ERROR
r-release-macos-x86_64 1.3 133.00 NOTE
r-release-windows-x86_64 1.3 62.00 219.00 281.00 OK
r-oldrel-macos-arm64 1.3 86.00 NOTE
r-oldrel-macos-x86_64 1.3 90.00 NOTE
r-oldrel-windows-ix86+x86_64 1.3 33.00 202.00 235.00 OK

Additional issues

donttest

Check Details

Version: 1.3
Check: Rd files
Result: NOTE
    checkRd: (-1) plot-methods.Rd:55: Escaped LaTeX specials: \_
    checkRd: (-1) plot-methods.Rd:125: Escaped LaTeX specials: \_
Flavors: r-devel-linux-x86_64-debian-clang, r-devel-linux-x86_64-debian-gcc, r-devel-linux-x86_64-fedora-clang, r-devel-linux-x86_64-fedora-gcc, r-devel-windows-x86_64

Version: 1.3
Check: dependencies in R code
Result: NOTE
    Namespaces in Imports field not imported from:
     ‘KernSmooth’ ‘Mfuzz’ ‘SelectBoost’ ‘gplots’ ‘grid’ ‘jetset’ ‘magic’
     ‘msgps’ ‘splines’ ‘stats4’ ‘survival’
     All declared Imports should be used.
Flavors: r-devel-linux-x86_64-fedora-clang, r-devel-linux-x86_64-fedora-gcc, r-release-macos-x86_64, r-oldrel-macos-arm64, r-oldrel-macos-x86_64

Version: 1.3
Check: package dependencies
Result: ERROR
    Package required but not available: ‘Mfuzz’
    
    See section ‘The DESCRIPTION file’ in the ‘Writing R Extensions’
    manual.
Flavor: r-release-macos-arm64