CRAN Package Check Results for Package PanCanVarSel

Last updated on 2024-07-14 05:53:39 CEST.

Flavor Version Tinstall Tcheck Ttotal Status Flags
r-devel-linux-x86_64-debian-clang 0.0.3 3.80 51.95 55.75 NOTE
r-devel-linux-x86_64-debian-gcc 0.0.3 3.00 42.12 45.12 NOTE
r-devel-linux-x86_64-fedora-clang 0.0.3 69.57 NOTE
r-devel-linux-x86_64-fedora-gcc 0.0.3 73.70 NOTE
r-devel-windows-x86_64 0.0.3 4.00 61.00 65.00 NOTE
r-patched-linux-x86_64 0.0.3 3.84 55.11 58.95 NOTE
r-release-linux-x86_64 0.0.3 3.42 53.39 56.81 NOTE
r-release-macos-arm64 0.0.3 26.00 NOTE
r-release-macos-x86_64 0.0.3 38.00 NOTE
r-release-windows-x86_64 0.0.3 4.00 63.00 67.00 NOTE
r-oldrel-macos-arm64 0.0.3 30.00 NOTE
r-oldrel-macos-x86_64 0.0.3 45.00 NOTE
r-oldrel-windows-x86_64 0.0.3 5.00 73.00 78.00 NOTE

Check Details

Version: 0.0.3
Check: LazyData
Result: NOTE 'LazyData' is specified without a 'data' directory Flavors: r-devel-linux-x86_64-debian-clang, r-devel-linux-x86_64-debian-gcc, r-devel-linux-x86_64-fedora-clang, r-devel-linux-x86_64-fedora-gcc, r-devel-windows-x86_64, r-patched-linux-x86_64, r-release-linux-x86_64, r-release-macos-arm64, r-release-macos-x86_64, r-release-windows-x86_64, r-oldrel-macos-arm64, r-oldrel-macos-x86_64, r-oldrel-windows-x86_64

Version: 0.0.3
Check: dependencies in R code
Result: NOTE Namespace in Imports field not imported from: ‘smoothmest’ All declared Imports should be used. Flavors: r-devel-linux-x86_64-fedora-clang, r-devel-linux-x86_64-fedora-gcc