Last updated on 2024-03-29 06:56:34 CET.
Flavor | Version | Tinstall | Tcheck | Ttotal | Status | Flags |
---|---|---|---|---|---|---|
r-devel-linux-x86_64-debian-clang | 0.0.3 | 3.17 | 52.74 | 55.91 | NOTE | |
r-devel-linux-x86_64-debian-gcc | 0.0.3 | 3.04 | 42.17 | 45.21 | NOTE | |
r-devel-linux-x86_64-fedora-clang | 0.0.3 | 68.69 | NOTE | |||
r-devel-linux-x86_64-fedora-gcc | 0.0.3 | 70.63 | NOTE | |||
r-devel-windows-x86_64 | 0.0.3 | 4.00 | 62.00 | 66.00 | NOTE | |
r-patched-linux-x86_64 | 0.0.3 | 4.22 | 54.06 | 58.28 | NOTE | |
r-release-linux-x86_64 | 0.0.3 | 3.87 | 54.99 | 58.86 | NOTE | |
r-release-macos-arm64 | 0.0.3 | 30.00 | NOTE | |||
r-release-macos-x86_64 | 0.0.3 | 45.00 | NOTE | |||
r-release-windows-x86_64 | 0.0.3 | 5.00 | 70.00 | 75.00 | NOTE | |
r-oldrel-macos-arm64 | 0.0.3 | 25.00 | NOTE | |||
r-oldrel-windows-x86_64 | 0.0.3 | 4.00 | 74.00 | 78.00 | NOTE |
Version: 0.0.3
Check: LazyData
Result: NOTE
'LazyData' is specified without a 'data' directory
Flavors: r-devel-linux-x86_64-debian-clang, r-devel-linux-x86_64-debian-gcc, r-devel-linux-x86_64-fedora-clang, r-devel-linux-x86_64-fedora-gcc, r-devel-windows-x86_64, r-patched-linux-x86_64, r-release-linux-x86_64, r-release-macos-arm64, r-release-macos-x86_64, r-release-windows-x86_64, r-oldrel-macos-arm64, r-oldrel-windows-x86_64
Version: 0.0.3
Check: dependencies in R code
Result: NOTE
Namespace in Imports field not imported from: ‘smoothmest’
All declared Imports should be used.
Flavors: r-devel-linux-x86_64-fedora-clang, r-devel-linux-x86_64-fedora-gcc, r-oldrel-macos-arm64