Last updated on 2024-03-29 00:50:56 CET.
Flavor | Version | Tinstall | Tcheck | Ttotal | Status | Flags |
---|---|---|---|---|---|---|
r-devel-linux-x86_64-debian-clang | 0.1.0 | 8.18 | 47.54 | 55.72 | NOTE | |
r-devel-linux-x86_64-debian-gcc | 0.1.0 | 8.52 | 36.92 | 45.44 | NOTE | |
r-devel-linux-x86_64-fedora-clang | 0.1.0 | 74.29 | NOTE | |||
r-devel-linux-x86_64-fedora-gcc | 0.1.0 | 84.78 | NOTE | |||
r-devel-windows-x86_64 | 0.1.0 | 10.00 | 56.00 | 66.00 | NOTE | |
r-patched-linux-x86_64 | 0.1.0 | 10.46 | 46.08 | 56.54 | NOTE | |
r-release-linux-x86_64 | 0.1.0 | 9.29 | 46.31 | 55.60 | OK | |
r-release-macos-arm64 | 0.1.0 | 34.00 | OK | |||
r-release-macos-x86_64 | 0.1.0 | 50.00 | OK | |||
r-release-windows-x86_64 | 0.1.0 | 13.00 | 61.00 | 74.00 | OK | |
r-oldrel-macos-arm64 | 0.1.0 | 26.00 | OK | |||
r-oldrel-windows-x86_64 | 0.1.0 | 13.00 | 66.00 | 79.00 | OK |
Version: 0.1.0
Check: Rd files
Result: NOTE
checkRd: (-1) PakPMICS2018fs.Rd:308: Lost braces in \enumerate; meant \describe ?
checkRd: (-1) PakPMICS2018fs.Rd:309: Lost braces in \enumerate; meant \describe ?
Flavors: r-devel-linux-x86_64-debian-clang, r-devel-linux-x86_64-debian-gcc, r-devel-linux-x86_64-fedora-clang, r-devel-linux-x86_64-fedora-gcc, r-devel-windows-x86_64, r-patched-linux-x86_64