Last updated on 2023-03-21 12:50:43 CET.
Flavor | Version | Tinstall | Tcheck | Ttotal | Status | Flags |
---|---|---|---|---|---|---|
r-devel-linux-x86_64-debian-clang | 0.1.1 | 31.10 | 33.36 | 64.46 | OK | |
r-devel-linux-x86_64-debian-gcc | 0.1.1 | 26.35 | 25.92 | 52.27 | OK | |
r-devel-linux-x86_64-fedora-clang | 0.1.1 | 91.30 | NOTE | |||
r-devel-linux-x86_64-fedora-gcc | 0.1.1 | 90.39 | NOTE | |||
r-devel-windows-x86_64 | 0.1.1 | 38.00 | 64.00 | 102.00 | OK | |
r-patched-linux-x86_64 | 0.1.1 | 31.15 | 36.03 | 67.18 | OK | |
r-release-linux-x86_64 | 0.1.1 | 32.09 | 35.69 | 67.78 | OK | |
r-release-macos-arm64 | 0.1.1 | 42.00 | NOTE | |||
r-release-macos-x86_64 | 0.1.1 | 48.00 | NOTE | |||
r-release-windows-x86_64 | 0.1.1 | 34.00 | 67.00 | 101.00 | OK | |
r-oldrel-macos-arm64 | 0.1.1 | 52.00 | NOTE | |||
r-oldrel-macos-x86_64 | 0.1.1 | 63.00 | NOTE | |||
r-oldrel-windows-ix86+x86_64 | 0.1.1 | 46.00 | 61.00 | 107.00 | OK |
Version: 0.1.1
Check: dependencies in R code
Result: NOTE
Namespace in Imports field not imported from: ‘stats’
All declared Imports should be used.
Flavors: r-devel-linux-x86_64-fedora-clang, r-devel-linux-x86_64-fedora-gcc, r-release-macos-arm64, r-release-macos-x86_64, r-oldrel-macos-arm64, r-oldrel-macos-x86_64