CRAN Package Check Results for Package PakPC2017

Last updated on 2022-01-29 06:49:42 CET.

Flavor Version Tinstall Tcheck Ttotal Status Flags
r-devel-linux-x86_64-debian-clang 1.0.0 7.58 63.88 71.46 OK
r-devel-linux-x86_64-debian-gcc 1.0.0 6.64 49.18 55.82 OK
r-devel-linux-x86_64-fedora-clang 1.0.0 81.82 NOTE
r-devel-linux-x86_64-fedora-gcc 1.0.0 70.67 NOTE
r-devel-windows-x86_64-new-UL 1.0.0 45.00 90.00 135.00 OK
r-devel-windows-x86_64-new-TK 1.0.0 NOTE
r-patched-linux-x86_64 1.0.0 6.82 54.79 61.61 OK
r-release-linux-x86_64 1.0.0 5.52 55.71 61.23 OK
r-release-macos-arm64 1.0.0 NOTE
r-release-macos-x86_64 1.0.0 NOTE
r-release-windows-ix86+x86_64 1.0.0 15.00 67.00 82.00 OK
r-oldrel-macos-x86_64 1.0.0 NOTE
r-oldrel-windows-ix86+x86_64 1.0.0 15.00 73.00 88.00 OK

Check Details

Version: 1.0.0
Check: dependencies in R code
Result: NOTE
    Namespace in Imports field not imported from: ‘stats’
     All declared Imports should be used.
Flavors: r-devel-linux-x86_64-fedora-clang, r-devel-linux-x86_64-fedora-gcc, r-devel-windows-x86_64-new-TK, r-release-macos-arm64, r-release-macos-x86_64, r-oldrel-macos-x86_64