Last updated on 2023-04-02 03:51:39 CEST.
Flavor | Version | Tinstall | Tcheck | Ttotal | Status | Flags |
---|---|---|---|---|---|---|
r-devel-linux-x86_64-debian-clang | 0.1.2 | 8.79 | 282.35 | 291.14 | OK | |
r-devel-linux-x86_64-debian-gcc | 0.1.2 | 7.50 | 206.68 | 214.18 | OK | |
r-devel-linux-x86_64-fedora-clang | 0.1.2 | 365.42 | OK | |||
r-devel-linux-x86_64-fedora-gcc | 0.1.2 | 361.15 | OK | |||
r-devel-windows-x86_64 | 0.1.2 | 17.00 | 348.00 | 365.00 | OK | |
r-patched-linux-x86_64 | 0.1.2 | 8.83 | 265.56 | 274.39 | OK | |
r-release-linux-x86_64 | 0.1.2 | 6.30 | 275.79 | 282.09 | OK | |
r-release-macos-arm64 | 0.1.2 | 83.00 | OK | |||
r-release-macos-x86_64 | 0.1.2 | 132.00 | OK | |||
r-release-windows-x86_64 | 0.1.2 | 43.00 | 374.00 | 417.00 | OK | |
r-oldrel-macos-arm64 | 0.1.2 | 93.00 | OK | |||
r-oldrel-macos-x86_64 | 0.1.2 | 137.00 | OK | |||
r-oldrel-windows-ix86+x86_64 | 0.1.2 | 21.00 | 410.00 | 431.00 | NOTE |
Version: 0.1.2
Check: dependencies in R code
Result: NOTE
Initiating curl with CURL_SSL_BACKEND: openssl
Flavor: r-oldrel-windows-ix86+x86_64