Last updated on 2024-04-26 11:52:47 CEST.
Flavor | Version | Tinstall | Tcheck | Ttotal | Status | Flags |
---|---|---|---|---|---|---|
r-devel-linux-x86_64-debian-clang | 0.4.1 | 58.58 | 311.16 | 369.74 | NOTE | |
r-devel-linux-x86_64-debian-gcc | 0.4.1 | 40.81 | 251.63 | 292.44 | NOTE | |
r-devel-linux-x86_64-fedora-clang | 0.4.1 | 471.25 | NOTE | |||
r-devel-linux-x86_64-fedora-gcc | 0.4.1 | 498.04 | NOTE | |||
r-devel-windows-x86_64 | 0.4.1 | 43.00 | 313.00 | 356.00 | NOTE | |
r-patched-linux-x86_64 | 0.4.1 | 56.64 | 328.96 | 385.60 | NOTE | |
r-release-linux-x86_64 | 0.4.1 | 46.51 | 328.12 | 374.63 | OK | |
r-release-macos-arm64 | 0.4.1 | 138.00 | NOTE | |||
r-release-windows-x86_64 | 0.4.1 | 42.00 | 312.00 | 354.00 | NOTE | |
r-oldrel-macos-arm64 | 0.4.1 | 150.00 | OK | |||
r-oldrel-macos-x86_64 | 0.4.1 | 266.00 | OK | |||
r-oldrel-windows-x86_64 | 0.4.1 | 54.00 | 374.00 | 428.00 | OK |
Version: 0.4.1
Check: Rd files
Result: NOTE
checkRd: (-1) computeResponseProbability.Rd:12: Lost braces; missing escapes or markup?
12 | \item{model}{the item model to use. Accepts \code{grm} or {gpcm}.}
| ^
Flavors: r-devel-linux-x86_64-debian-clang, r-devel-linux-x86_64-debian-gcc, r-devel-linux-x86_64-fedora-clang, r-devel-linux-x86_64-fedora-gcc, r-devel-windows-x86_64, r-patched-linux-x86_64, r-release-macos-arm64, r-release-windows-x86_64