CRAN Package Check Results for Package PROsetta

Last updated on 2023-12-06 12:53:44 CET.

Flavor Version Tinstall Tcheck Ttotal Status Flags
r-devel-linux-x86_64-debian-clang 0.4.1 50.96 305.01 355.97 NOTE
r-devel-linux-x86_64-debian-gcc 0.4.1 37.00 249.35 286.35 NOTE
r-devel-linux-x86_64-fedora-clang 0.4.1 452.25 OK
r-devel-linux-x86_64-fedora-gcc 0.4.1 484.89 OK
r-devel-windows-x86_64 0.4.1 44.00 315.00 359.00 OK
r-patched-linux-x86_64 0.4.1 51.26 325.65 376.91 OK
r-release-linux-x86_64 0.4.1 45.24 326.42 371.66 OK
r-release-macos-arm64 0.4.1 150.00 OK
r-release-macos-x86_64 0.4.1 266.00 OK
r-release-windows-x86_64 0.4.1 54.00 393.00 447.00 OK
r-oldrel-macos-arm64 0.4.1 118.00 OK
r-oldrel-macos-x86_64 0.4.1 183.00 OK
r-oldrel-windows-x86_64 0.4.1 50.00 371.00 421.00 OK

Check Details

Version: 0.4.1
Check: Rd files
Result: NOTE checkRd: (-1) computeResponseProbability.Rd:12: Lost braces; missing escapes or markup? 12 | \item{model}{the item model to use. Accepts \code{grm} or {gpcm}.} | ^ Flavors: r-devel-linux-x86_64-debian-clang, r-devel-linux-x86_64-debian-gcc