Last updated on 2023-10-04 13:01:22 CEST.
Flavor | Version | Tinstall | Tcheck | Ttotal | Status | Flags |
---|---|---|---|---|---|---|
r-devel-linux-x86_64-debian-clang | 3.2-5 | 124.80 | 37.42 | 162.22 | OK | |
r-devel-linux-x86_64-debian-gcc | 3.2-5 | 123.25 | 29.29 | 152.54 | OK | |
r-devel-linux-x86_64-fedora-clang | 3.2-5 | 245.64 | OK | |||
r-devel-linux-x86_64-fedora-gcc | 3.2-5 | 308.55 | OK | |||
r-devel-windows-x86_64 | 3.2-5 | 93.00 | 91.00 | 184.00 | OK | |
r-patched-linux-x86_64 | 3.2-4 | 138.68 | 36.92 | 175.60 | OK | |
r-release-linux-x86_64 | 3.2-4 | 155.85 | 36.86 | 192.71 | OK | |
r-release-macos-arm64 | 3.2-5 | 56.00 | NOTE | |||
r-release-macos-x86_64 | 3.2-5 | 73.00 | NOTE | |||
r-release-windows-x86_64 | 3.2-5 | 96.00 | 66.00 | 162.00 | OK | |
r-oldrel-macos-arm64 | 3.2-5 | 57.00 | NOTE | |||
r-oldrel-macos-x86_64 | 3.2-4 | 74.00 | NOTE | |||
r-oldrel-windows-x86_64 | 3.2-5 | 86.00 | 97.00 | 183.00 | OK |
Version: 3.2-5
Check: installed package size
Result: NOTE
installed size is 7.0Mb
sub-directories of 1Mb or more:
libs 6.8Mb
Flavors: r-release-macos-arm64, r-release-macos-x86_64, r-oldrel-macos-arm64
Version: 3.2-4
Check: installed package size
Result: NOTE
installed size is 6.3Mb
sub-directories of 1Mb or more:
libs 6.1Mb
Flavor: r-oldrel-macos-x86_64