Last updated on 2024-04-23 21:54:54 CEST.
Flavor | Version | Tinstall | Tcheck | Ttotal | Status | Flags |
---|---|---|---|---|---|---|
r-devel-linux-x86_64-debian-clang | 3.2-6 | 123.57 | 36.70 | 160.27 | OK | |
r-devel-linux-x86_64-debian-gcc | 3.2-6 | 133.87 | 28.93 | 162.80 | OK | |
r-devel-linux-x86_64-fedora-clang | 3.2-6 | 245.11 | NOTE | |||
r-devel-linux-x86_64-fedora-gcc | 3.2-6 | 298.64 | NOTE | |||
r-prerel-macos-arm64 | 3.2-6 | 56.00 | NOTE | |||
r-prerel-windows-x86_64 | 3.2-6 | 123.00 | 72.00 | 195.00 | OK | |
r-patched-linux-x86_64 | 3.2-6 | 147.19 | 35.67 | 182.86 | OK | |
r-release-linux-x86_64 | 3.2-6 | 140.76 | 37.80 | 178.56 | OK | |
r-release-macos-arm64 | 3.2-6 | 58.00 | NOTE | |||
r-release-macos-x86_64 | 3.2-6 | 64.00 | NOTE | |||
r-release-windows-x86_64 | 3.2-6 | 162.00 | 80.00 | 242.00 | OK | |
r-oldrel-macos-arm64 | 3.2-6 | 57.00 | NOTE | |||
r-oldrel-windows-x86_64 | 3.2-6 | 131.00 | 78.00 | 209.00 | OK |
Version: 3.2-6
Check: dependencies in R code
Result: NOTE
Namespace in Imports field not imported from: ‘Matrix’
All declared Imports should be used.
Flavors: r-devel-linux-x86_64-fedora-clang, r-devel-linux-x86_64-fedora-gcc
Version: 3.2-6
Check: installed package size
Result: NOTE
installed size is 7.0Mb
sub-directories of 1Mb or more:
libs 6.8Mb
Flavors: r-prerel-macos-arm64, r-release-macos-arm64, r-release-macos-x86_64, r-oldrel-macos-arm64