Last updated on 2025-05-01 06:49:41 CEST.
Flavor | Version | Tinstall | Tcheck | Ttotal | Status | Flags |
---|---|---|---|---|---|---|
r-devel-linux-x86_64-debian-clang | 1.0.16 | 9.31 | 73.18 | 82.49 | NOTE | |
r-devel-linux-x86_64-debian-gcc | 1.0.16 | 7.27 | 55.00 | 62.27 | OK | |
r-devel-linux-x86_64-fedora-clang | 1.0.16 | 127.60 | OK | |||
r-devel-linux-x86_64-fedora-gcc | 1.0.16 | 124.05 | OK | |||
r-devel-windows-x86_64 | 1.0.16 | 13.00 | 89.00 | 102.00 | OK | |
r-patched-linux-x86_64 | 1.0.16 | 9.94 | 69.29 | 79.23 | OK | |
r-release-linux-x86_64 | 1.0.16 | 8.91 | 69.81 | 78.72 | OK | |
r-release-macos-arm64 | 1.0.16 | 41.00 | OK | |||
r-release-macos-x86_64 | 1.0.16 | 104.00 | OK | |||
r-release-windows-x86_64 | 1.0.16 | 15.00 | 93.00 | 108.00 | OK | |
r-oldrel-macos-arm64 | 1.0.16 | 36.00 | OK | |||
r-oldrel-macos-x86_64 | 1.0.16 | 49.00 | OK | |||
r-oldrel-windows-x86_64 | 1.0.16 | 16.00 | 103.00 | 119.00 | OK |
Version: 1.0.16
Check: examples
Result: NOTE
Examples with CPU (user + system) or elapsed time > 5s
user system elapsed
PRIMEplus.ReRand.LRT 3.597 0.004 5.026
Flavor: r-devel-linux-x86_64-debian-clang