Last updated on 2024-04-24 02:53:09 CEST.
Flavor | Version | Tinstall | Tcheck | Ttotal | Status | Flags |
---|---|---|---|---|---|---|
r-devel-linux-x86_64-debian-clang | 1.6.5 | 219.60 | 648.48 | 868.08 | OK | |
r-devel-linux-x86_64-debian-gcc | 1.6.5 | 155.81 | 463.75 | 619.56 | OK | |
r-devel-linux-x86_64-fedora-clang | 1.6.5 | 1163.85 | OK | |||
r-devel-linux-x86_64-fedora-gcc | 1.6.5 | 1132.13 | OK | |||
r-prerel-macos-arm64 | 1.6.5 | 266.00 | NOTE | |||
r-prerel-macos-x86_64 | 1.6.5 | 295.00 | NOTE | |||
r-prerel-windows-x86_64 | 1.6.5 | 154.00 | 451.00 | 605.00 | OK | |
r-patched-linux-x86_64 | 1.6.5 | 182.02 | 612.91 | 794.93 | OK | |
r-release-linux-x86_64 | 1.6.5 | 190.87 | 621.47 | 812.34 | OK | |
r-release-macos-arm64 | 1.6.5 | 184.00 | NOTE | |||
r-release-macos-x86_64 | 1.6.5 | 284.00 | NOTE | |||
r-release-windows-x86_64 | 1.6.5 | 197.00 | 614.00 | 811.00 | OK | |
r-oldrel-macos-arm64 | 1.6.5 | 154.00 | NOTE | |||
r-oldrel-windows-x86_64 | 1.6.5 | 187.00 | 534.00 | 721.00 | OK |
Version: 1.6.5
Check: installed package size
Result: NOTE
installed size is 11.5Mb
sub-directories of 1Mb or more:
data 2.2Mb
libs 8.5Mb
Flavors: r-prerel-macos-arm64, r-prerel-macos-x86_64, r-release-macos-arm64, r-release-macos-x86_64, r-oldrel-macos-arm64