Last updated on 2023-03-24 02:51:41 CET.
Flavor | Version | Tinstall | Tcheck | Ttotal | Status | Flags |
---|---|---|---|---|---|---|
r-devel-linux-x86_64-debian-clang | 1.4 | 177.65 | 550.38 | 728.03 | OK | |
r-devel-linux-x86_64-debian-gcc | 1.4 | 136.06 | 410.17 | 546.23 | OK | |
r-devel-linux-x86_64-fedora-clang | 1.5 | 1032.33 | OK | |||
r-devel-linux-x86_64-fedora-gcc | 1.5 | 985.95 | OK | |||
r-devel-windows-x86_64 | 1.4 | 193.00 | 598.00 | 791.00 | OK | |
r-patched-linux-x86_64 | 1.4 | 165.38 | 510.85 | 676.23 | OK | |
r-release-linux-x86_64 | 1.4 | 123.10 | 499.77 | 622.87 | OK | |
r-release-macos-arm64 | 1.5 | 142.00 | NOTE | |||
r-release-macos-x86_64 | 1.4 | 289.00 | NOTE | |||
r-release-windows-x86_64 | 1.4 | 164.00 | 564.00 | 728.00 | OK | |
r-oldrel-macos-arm64 | 1.5 | 152.00 | NOTE | |||
r-oldrel-macos-x86_64 | 1.4 | 286.00 | NOTE | |||
r-oldrel-windows-ix86+x86_64 | 1.4 | 411.00 | 647.00 | 1058.00 | NOTE |
Version: 1.5
Check: installed package size
Result: NOTE
installed size is 11.9Mb
sub-directories of 1Mb or more:
data 2.2Mb
libs 9.1Mb
Flavors: r-release-macos-arm64, r-oldrel-macos-arm64
Version: 1.4
Check: installed package size
Result: NOTE
installed size is 11.9Mb
sub-directories of 1Mb or more:
data 2.2Mb
libs 9.1Mb
Flavors: r-release-macos-x86_64, r-oldrel-macos-x86_64, r-oldrel-windows-ix86+x86_64