Last updated on 2023-04-01 21:54:16 CEST.
Flavor | Version | Tinstall | Tcheck | Ttotal | Status | Flags |
---|---|---|---|---|---|---|
r-devel-linux-x86_64-debian-clang | 1.0.0 | 41.49 | 227.53 | 269.02 | NOTE | |
r-devel-linux-x86_64-debian-gcc | 1.0.0 | 33.72 | 157.60 | 191.32 | NOTE | |
r-devel-linux-x86_64-fedora-clang | 1.0.0 | 342.35 | NOTE | |||
r-devel-linux-x86_64-fedora-gcc | 1.0.0 | 343.86 | NOTE | |||
r-devel-windows-x86_64 | 1.0.0 | 47.00 | 303.00 | 350.00 | NOTE | |
r-patched-linux-x86_64 | 1.0.0 | 32.38 | 221.82 | 254.20 | NOTE | |
r-release-linux-x86_64 | 1.0.0 | 34.90 | 217.17 | 252.07 | NOTE | |
r-release-macos-arm64 | 1.0.0 | 106.00 | NOTE | |||
r-release-macos-x86_64 | 1.0.0 | 149.00 | NOTE | |||
r-release-windows-x86_64 | 1.0.0 | 49.00 | 314.00 | 363.00 | NOTE | |
r-oldrel-macos-arm64 | 1.0.0 | 119.00 | NOTE | |||
r-oldrel-macos-x86_64 | 1.0.0 | 206.00 | NOTE | |||
r-oldrel-windows-ix86+x86_64 | 1.0.0 | 96.00 | 339.00 | 435.00 | NOTE |
Version: 1.0.0
Check: C++ specification
Result: NOTE
Specified C++11: please drop specification unless essential
Flavors: r-devel-linux-x86_64-debian-clang, r-devel-linux-x86_64-debian-gcc, r-devel-linux-x86_64-fedora-clang, r-devel-linux-x86_64-fedora-gcc, r-devel-windows-x86_64, r-patched-linux-x86_64
Version: 1.0.0
Check: LazyData
Result: NOTE
'LazyData' is specified without a 'data' directory
Flavors: r-devel-linux-x86_64-debian-clang, r-devel-linux-x86_64-debian-gcc, r-devel-linux-x86_64-fedora-clang, r-devel-linux-x86_64-fedora-gcc, r-devel-windows-x86_64, r-patched-linux-x86_64, r-release-linux-x86_64, r-release-macos-arm64, r-release-macos-x86_64, r-release-windows-x86_64, r-oldrel-macos-arm64, r-oldrel-macos-x86_64, r-oldrel-windows-ix86+x86_64