CRAN Package Check Results for Package PPRL

Last updated on 2024-02-24 21:40:29 CET.

Flavor Version Tinstall Tcheck Ttotal Status Flags
r-devel-linux-x86_64-debian-clang 0.3.8 256.99 32.20 289.19 NOTE
r-devel-linux-x86_64-debian-gcc 0.3.8 202.66 25.73 228.39 NOTE
r-devel-linux-x86_64-fedora-clang 0.3.8 493.57 NOTE
r-devel-linux-x86_64-fedora-gcc 0.3.8 432.99 NOTE
r-devel-windows-x86_64 0.3.8 184.00 76.00 260.00 NOTE
r-patched-linux-x86_64 0.3.8 254.81 32.46 287.27 NOTE
r-release-linux-x86_64 0.3.8 252.41 32.43 284.84 NOTE
r-release-macos-arm64 0.3.8 94.00 NOTE
r-release-macos-x86_64 0.3.8 178.00 NOTE
r-release-windows-x86_64 0.3.8 176.00 82.00 258.00 NOTE
r-oldrel-macos-arm64 0.3.8 90.00 NOTE
r-oldrel-windows-x86_64 0.3.8 253.00 78.00 331.00 OK

Check Details

Version: 0.3.8
Check: C++ specification
Result: NOTE Specified C++11: please drop specification unless essential Flavors: r-devel-linux-x86_64-debian-clang, r-devel-linux-x86_64-debian-gcc, r-devel-linux-x86_64-fedora-clang, r-devel-linux-x86_64-fedora-gcc, r-devel-windows-x86_64, r-patched-linux-x86_64, r-release-linux-x86_64, r-release-macos-arm64, r-release-macos-x86_64, r-release-windows-x86_64

Version: 0.3.8
Check: installed package size
Result: NOTE installed size is 9.3Mb sub-directories of 1Mb or more: libs 8.3Mb Flavors: r-release-macos-arm64, r-release-macos-x86_64, r-oldrel-macos-arm64