CRAN Package Check Results for Package PPMiss

Last updated on 2025-04-30 12:49:12 CEST.

Flavor Version Tinstall Tcheck Ttotal Status Flags
r-devel-linux-x86_64-debian-clang 0.1.1 6.07 38.16 44.23 NOTE
r-devel-linux-x86_64-debian-gcc 0.1.1 4.65 30.07 34.72 NOTE
r-devel-linux-x86_64-fedora-clang 0.1.1 68.01 OK
r-devel-linux-x86_64-fedora-gcc 0.1.1 66.42 OK
r-devel-windows-x86_64 0.1.1 9.00 57.00 66.00 OK
r-patched-linux-x86_64 0.1.1 6.75 36.42 43.17 OK
r-release-linux-x86_64 0.1.1 5.39 36.79 42.18 OK
r-release-macos-arm64 0.1.1 28.00 OK
r-release-macos-x86_64 0.1.1 47.00 OK
r-release-windows-x86_64 0.1.1 10.00 57.00 67.00 OK
r-oldrel-macos-arm64 0.1.1 26.00 OK
r-oldrel-macos-x86_64 0.1.1 37.00 OK
r-oldrel-windows-x86_64 0.1.1 11.00 62.00 73.00 OK

Check Details

Version: 0.1.1
Check: CRAN incoming feasibility
Result: NOTE Maintainer: ‘Taiane Schaedler Prass <taianeprass@gmail.com>’ The Description field contains <arXiv:2303.04754>) and has been found to outperform several other Please refer to arXiv e-prints via their arXiv DOI <doi:10.48550/arXiv.YYMM.NNNNN>. Flavors: r-devel-linux-x86_64-debian-clang, r-devel-linux-x86_64-debian-gcc