Last updated on 2023-04-01 07:10:47 CEST.
Flavor | Version | Tinstall | Tcheck | Ttotal | Status | Flags |
---|---|---|---|---|---|---|
r-devel-linux-x86_64-debian-clang | 0.1.1 | 43.89 | 396.63 | 440.52 | OK | |
r-devel-linux-x86_64-debian-gcc | 0.1.1 | 31.12 | 295.52 | 326.64 | OK | |
r-devel-linux-x86_64-fedora-clang | 0.1.1 | 572.20 | NOTE | |||
r-devel-linux-x86_64-fedora-gcc | 0.1.1 | 576.38 | NOTE | |||
r-devel-windows-x86_64 | 0.1.1 | 67.00 | 425.00 | 492.00 | OK | |
r-patched-linux-x86_64 | 0.1.1 | 34.00 | 370.09 | 404.09 | OK | |
r-release-linux-x86_64 | 0.1.1 | 33.90 | 362.90 | 396.80 | OK | |
r-release-macos-arm64 | 0.1.1 | 135.00 | NOTE | |||
r-release-macos-x86_64 | 0.1.1 | 239.00 | NOTE | |||
r-release-windows-x86_64 | 0.1.1 | 64.00 | 429.00 | 493.00 | OK | |
r-oldrel-macos-arm64 | 0.1.1 | 96.00 | NOTE | |||
r-oldrel-macos-x86_64 | 0.1.1 | 186.00 | NOTE | |||
r-oldrel-windows-ix86+x86_64 | 0.1.1 | 89.00 | 398.00 | 487.00 | OK |
Version: 0.1.1
Check: dependencies in R code
Result: NOTE
Namespaces in Imports field not imported from:
‘base’ ‘grDevices’
All declared Imports should be used.
Flavors: r-devel-linux-x86_64-fedora-clang, r-devel-linux-x86_64-fedora-gcc, r-release-macos-arm64, r-release-macos-x86_64, r-oldrel-macos-arm64, r-oldrel-macos-x86_64