Last updated on 2025-02-22 12:50:44 CET.
Flavor | Version | Tinstall | Tcheck | Ttotal | Status | Flags |
---|---|---|---|---|---|---|
r-devel-linux-x86_64-debian-clang | 2.0.7 | 25.12 | 68.53 | 93.65 | NOTE | |
r-devel-linux-x86_64-debian-gcc | 2.0.7 | 16.06 | 49.59 | 65.65 | NOTE | |
r-devel-linux-x86_64-fedora-clang | 2.0.7 | 159.24 | OK | |||
r-devel-linux-x86_64-fedora-gcc | 2.0.7 | 164.23 | OK | |||
r-devel-macos-arm64 | 2.0.7 | 49.00 | OK | |||
r-devel-macos-x86_64 | 2.0.7 | 90.00 | OK | |||
r-devel-windows-x86_64 | 2.0.7 | 30.00 | 95.00 | 125.00 | NOTE | |
r-patched-linux-x86_64 | 2.0.7 | 23.58 | 64.18 | 87.76 | OK | |
r-release-linux-x86_64 | 2.0.7 | 23.15 | 63.67 | 86.82 | OK | |
r-release-macos-arm64 | 2.0.7 | 34.00 | OK | |||
r-release-macos-x86_64 | 2.0.7 | 57.00 | OK | |||
r-release-windows-x86_64 | 2.0.7 | 30.00 | 94.00 | 124.00 | OK | |
r-oldrel-macos-arm64 | 2.0.7 | 50.00 | OK | |||
r-oldrel-macos-x86_64 | 2.0.7 | 130.00 | OK | |||
r-oldrel-windows-x86_64 | 2.0.7 | 37.00 | 116.00 | 153.00 | OK |
Version: 2.0.7
Check: Rd cross-references
Result: NOTE
Found the following Rd file(s) with Rd \link{} targets missing package
anchors:
PerturbationClustering.Rd: pam
Please provide package anchors for all Rd \link{} targets not in the
package itself and the base packages.
Flavors: r-devel-linux-x86_64-debian-clang, r-devel-linux-x86_64-debian-gcc, r-devel-windows-x86_64