Last updated on 2025-02-01 12:48:34 CET.
Flavor | Version | Tinstall | Tcheck | Ttotal | Status | Flags |
---|---|---|---|---|---|---|
r-devel-linux-x86_64-debian-clang | 1.3.1 | 2.44 | 36.36 | 38.80 | NOTE | |
r-devel-linux-x86_64-debian-gcc | 1.3.1 | 1.73 | 25.32 | 27.05 | NOTE | |
r-devel-linux-x86_64-fedora-clang | 1.3.1 | 65.56 | OK | |||
r-devel-linux-x86_64-fedora-gcc | 1.3.1 | 57.90 | OK | |||
r-devel-windows-x86_64 | 1.3.1 | 3.00 | 63.00 | 66.00 | NOTE | |
r-patched-linux-x86_64 | 1.3.1 | 3.44 | 34.55 | 37.99 | OK | |
r-release-linux-x86_64 | 1.3.1 | 2.28 | 35.02 | 37.30 | OK | |
r-release-macos-arm64 | 1.3.1 | 21.00 | OK | |||
r-release-macos-x86_64 | 1.3.1 | 31.00 | OK | |||
r-release-windows-x86_64 | 1.3.1 | 3.00 | 62.00 | 65.00 | OK | |
r-oldrel-macos-arm64 | 1.3.1 | 22.00 | OK | |||
r-oldrel-macos-x86_64 | 1.3.1 | 34.00 | OK | |||
r-oldrel-windows-x86_64 | 1.3.1 | 3.00 | 64.00 | 67.00 | OK |
Version: 1.3.1
Check: Rd cross-references
Result: NOTE
Found the following Rd file(s) with Rd \link{} targets missing package
anchors:
cor.par.Rd: pcor, pcor.test
Please provide package anchors for all Rd \link{} targets not in the
package itself and the base packages.
Flavors: r-devel-linux-x86_64-debian-clang, r-devel-linux-x86_64-debian-gcc, r-devel-windows-x86_64