Last updated on 2025-04-30 12:49:11 CEST.
Flavor | Version | Tinstall | Tcheck | Ttotal | Status | Flags |
---|---|---|---|---|---|---|
r-devel-linux-x86_64-debian-clang | 0.1.0 | 5.80 | 51.50 | 57.30 | NOTE | |
r-devel-linux-x86_64-debian-gcc | 0.1.0 | 4.52 | 34.17 | 38.69 | OK | |
r-devel-linux-x86_64-fedora-clang | 0.1.0 | 90.38 | NOTE | |||
r-devel-linux-x86_64-fedora-gcc | 0.1.0 | 89.98 | NOTE | |||
r-devel-windows-x86_64 | 0.1.0 | 8.00 | 70.00 | 78.00 | OK | |
r-patched-linux-x86_64 | 0.1.0 | 5.92 | 48.27 | 54.19 | OK | |
r-release-linux-x86_64 | 0.1.0 | 5.46 | 50.80 | 56.26 | OK | |
r-release-macos-arm64 | 0.1.0 | 29.00 | OK | |||
r-release-macos-x86_64 | 0.1.0 | 55.00 | OK | |||
r-release-windows-x86_64 | 0.1.0 | 7.00 | 74.00 | 81.00 | OK | |
r-oldrel-macos-arm64 | 0.1.0 | 27.00 | OK | |||
r-oldrel-macos-x86_64 | 0.1.0 | 42.00 | OK | |||
r-oldrel-windows-x86_64 | 0.1.0 | 8.00 | 84.00 | 92.00 | OK |
Version: 0.1.0
Check: examples
Result: NOTE
Examples with CPU (user + system) or elapsed time > 5s
user system elapsed
PDMIFCLUSTGLM 4.652 0.000 6.040
PDMIFQUANTILE 3.861 0.104 5.478
Flavor: r-devel-linux-x86_64-debian-clang
Version: 0.1.0
Check: dependencies in R code
Result: NOTE
Namespace in Imports field not imported from: ‘ncvreg’
All declared Imports should be used.
Flavors: r-devel-linux-x86_64-fedora-clang, r-devel-linux-x86_64-fedora-gcc