CRAN Package Check Results for Package PCRedux

Last updated on 2020-05-28 12:48:46 CEST.

Flavor Version Tinstall Tcheck Ttotal Status Flags
r-devel-linux-x86_64-debian-clang 1.0-6 13.39 162.90 176.29 NOTE
r-devel-linux-x86_64-debian-gcc 1.0-6 12.20 124.05 136.25 NOTE
r-devel-linux-x86_64-fedora-clang 1.0-6 221.52 NOTE
r-devel-linux-x86_64-fedora-gcc 1.0-6 209.20 NOTE
r-devel-windows-ix86+x86_64 1.0-6 40.00 250.00 290.00 OK
r-patched-linux-x86_64 1.0-6 14.65 159.21 173.86 NOTE
r-patched-solaris-x86 1.0-6 285.40 NOTE
r-release-linux-x86_64 1.0-6 14.05 160.86 174.91 NOTE
r-release-osx-x86_64 1.0-6 NOTE
r-release-windows-ix86+x86_64 1.0-6 31.00 208.00 239.00 OK
r-oldrel-osx-x86_64 1.0-6 WARN
r-oldrel-windows-ix86+x86_64 1.0-6 30.00 175.00 205.00 OK

Check Details

Version: 1.0-6
Check: package dependencies
Result: NOTE
    Package suggested but not available for checking: 'FFTrees'
Flavors: r-devel-linux-x86_64-debian-clang, r-devel-linux-x86_64-debian-gcc, r-devel-linux-x86_64-fedora-clang, r-devel-linux-x86_64-fedora-gcc, r-patched-linux-x86_64, r-patched-solaris-x86, r-release-linux-x86_64, r-release-osx-x86_64

Version: 1.0-6
Check: whether package can be installed
Result: WARN
    Found the following significant warnings:
     Warning: 'rgl.init' failed, running with 'rgl.useNULL = TRUE'.
Flavor: r-oldrel-osx-x86_64