Last updated on 2023-03-24 12:50:50 CET.
Flavor | Version | Tinstall | Tcheck | Ttotal | Status | Flags |
---|---|---|---|---|---|---|
r-devel-linux-x86_64-debian-clang | 0.1.9 | 152.58 | 421.57 | 574.15 | NOTE | |
r-devel-linux-x86_64-debian-gcc | 0.1.9 | 144.05 | 306.81 | 450.86 | NOTE | |
r-devel-linux-x86_64-fedora-clang | 0.1.9 | 703.87 | NOTE | |||
r-devel-linux-x86_64-fedora-gcc | 0.1.9 | 802.78 | NOTE | |||
r-devel-windows-x86_64 | 0.1.9 | 134.00 | 472.00 | 606.00 | NOTE | |
r-patched-linux-x86_64 | 0.1.9 | 166.14 | 402.89 | 569.03 | OK | |
r-release-linux-x86_64 | 0.1.9 | 155.59 | 394.23 | 549.82 | OK | |
r-release-macos-arm64 | 0.1.9 | 163.00 | NOTE | |||
r-release-macos-x86_64 | 0.1.9 | 302.00 | NOTE | |||
r-release-windows-x86_64 | 0.1.9 | 131.00 | 467.00 | 598.00 | OK | |
r-oldrel-macos-arm64 | 0.1.9 | 178.00 | NOTE | |||
r-oldrel-macos-x86_64 | 0.1.9 | 285.00 | NOTE | |||
r-oldrel-windows-ix86+x86_64 | 0.1.9 | 347.00 | 685.00 | 1032.00 | NOTE |
Version: 0.1.9
Check: C++ specification
Result: NOTE
Specified C++11: please drop specification unless essential
Flavors: r-devel-linux-x86_64-debian-clang, r-devel-linux-x86_64-debian-gcc, r-devel-linux-x86_64-fedora-clang, r-devel-linux-x86_64-fedora-gcc, r-devel-windows-x86_64
Version: 0.1.9
Check: installed package size
Result: NOTE
installed size is 5.1Mb
sub-directories of 1Mb or more:
libs 3.9Mb
Flavors: r-devel-linux-x86_64-fedora-clang, r-release-macos-arm64, r-release-macos-x86_64, r-oldrel-macos-arm64, r-oldrel-macos-x86_64, r-oldrel-windows-ix86+x86_64