Last updated on 2023-12-01 12:52:29 CET.
Flavor | Version | Tinstall | Tcheck | Ttotal | Status | Flags |
---|---|---|---|---|---|---|
r-devel-linux-x86_64-debian-clang | 1.0.0 | 8.70 | 112.99 | 121.69 | OK | |
r-devel-linux-x86_64-debian-gcc | 1.0.0 | 6.19 | 86.61 | 92.80 | OK | |
r-devel-linux-x86_64-fedora-clang | 1.0.0 | 149.38 | NOTE | |||
r-devel-linux-x86_64-fedora-gcc | 1.0.0 | 157.47 | NOTE | |||
r-devel-windows-x86_64 | 1.0.0 | 8.00 | 106.00 | 114.00 | OK | |
r-patched-linux-x86_64 | 1.0.0 | 7.79 | 111.31 | 119.10 | OK | |
r-release-linux-x86_64 | 1.0.0 | 7.58 | 112.47 | 120.05 | OK | |
r-release-macos-arm64 | 1.0.0 | 57.00 | OK | |||
r-release-macos-x86_64 | 1.0.0 | 88.00 | OK | |||
r-release-windows-x86_64 | 1.0.0 | 10.00 | 125.00 | 135.00 | OK | |
r-oldrel-macos-arm64 | 1.0.0 | 42.00 | NOTE | |||
r-oldrel-macos-x86_64 | 1.0.0 | 62.00 | NOTE | |||
r-oldrel-windows-x86_64 | 1.0.0 | 9.00 | 130.00 | 139.00 | OK |
Version: 1.0.0
Check: dependencies in R code
Result: NOTE
Namespace in Imports field not imported from: ‘survival’
All declared Imports should be used.
Flavors: r-devel-linux-x86_64-fedora-clang, r-devel-linux-x86_64-fedora-gcc, r-oldrel-macos-arm64, r-oldrel-macos-x86_64