CRAN Package Check Results for Package PCGSE

Last updated on 2022-01-24 06:49:00 CET.

Flavor Version Tinstall Tcheck Ttotal Status Flags
r-devel-linux-x86_64-debian-clang 0.4 17.35 169.37 186.72 OK
r-devel-linux-x86_64-debian-gcc 0.4 14.69 127.66 142.35 OK
r-devel-linux-x86_64-fedora-clang 0.4 230.64 OK
r-devel-linux-x86_64-fedora-gcc 0.4 216.89 OK
r-devel-windows-x86_64-new-UL 0.4 25.00 176.00 201.00 OK
r-devel-windows-x86_64-new-TK 0.4 OK
r-patched-linux-x86_64 0.4 14.92 161.72 176.64 OK
r-release-linux-x86_64 0.4 17.31 163.09 180.40 OK
r-release-macos-arm64 0.4 ERROR
r-release-macos-x86_64 0.4 OK
r-release-windows-ix86+x86_64 0.4 41.00 177.00 218.00 OK
r-oldrel-macos-x86_64 0.4 OK
r-oldrel-windows-ix86+x86_64 0.4 31.00 138.00 169.00 OK

Check Details

Version: 0.4
Check: package dependencies
Result: ERROR
    Package required but not available: ‘safe’
    
    See section ‘The DESCRIPTION file’ in the ‘Writing R Extensions’
    manual.
Flavor: r-release-macos-arm64