Last updated on 2023-09-23 21:52:52 CEST.
Flavor | Version | Tinstall | Tcheck | Ttotal | Status | Flags |
---|---|---|---|---|---|---|
r-devel-linux-x86_64-debian-clang | 0.8.0 | 6.44 | 61.03 | 67.47 | NOTE | |
r-devel-linux-x86_64-debian-gcc | 0.8.0 | 3.91 | 51.94 | 55.85 | NOTE | |
r-devel-linux-x86_64-fedora-clang | 0.8.0 | 86.27 | NOTE | |||
r-devel-linux-x86_64-fedora-gcc | 0.8.0 | 83.66 | NOTE | |||
r-devel-windows-x86_64 | 0.8.0 | 7.00 | 64.00 | 71.00 | NOTE | |
r-patched-linux-x86_64 | 0.8.0 | 7.15 | 57.26 | 64.41 | NOTE | |
r-release-linux-x86_64 | 0.8.0 | 5.48 | 57.06 | 62.54 | NOTE | |
r-release-macos-arm64 | 0.8.0 | 28.00 | NOTE | |||
r-release-macos-x86_64 | 0.8.0 | 41.00 | NOTE | |||
r-release-windows-x86_64 | 0.8.0 | 8.00 | 71.00 | 79.00 | NOTE | |
r-oldrel-macos-arm64 | 0.8.0 | 27.00 | NOTE | |||
r-oldrel-macos-x86_64 | 0.8.0 | 48.00 | NOTE | |||
r-oldrel-windows-x86_64 | 0.8.0 | 8.00 | 76.00 | 84.00 | NOTE |
Version: 0.8.0
Check: LazyData
Result: NOTE
'LazyData' is specified without a 'data' directory
Flavors: r-devel-linux-x86_64-debian-clang, r-devel-linux-x86_64-debian-gcc, r-devel-linux-x86_64-fedora-clang, r-devel-linux-x86_64-fedora-gcc, r-devel-windows-x86_64, r-patched-linux-x86_64, r-release-linux-x86_64, r-release-macos-arm64, r-release-macos-x86_64, r-release-windows-x86_64, r-oldrel-macos-arm64, r-oldrel-macos-x86_64, r-oldrel-windows-x86_64
Version: 0.8.0
Check: dependencies in R code
Result: NOTE
Namespaces in Imports field not imported from:
‘Matrix’ ‘pander’
All declared Imports should be used.
Flavors: r-devel-linux-x86_64-fedora-clang, r-devel-linux-x86_64-fedora-gcc, r-oldrel-macos-arm64, r-oldrel-macos-x86_64
Version: 0.8.0
Check: Rd cross-references
Result: NOTE
Undeclared packages ‘tibble’, ‘data.table’ in Rd xrefs
Flavor: r-devel-linux-x86_64-fedora-clang