CRAN Package Check Results for Package PBSmodelling

Last updated on 2021-03-07 21:48:54 CET.

Flavor Version Tinstall Tcheck Ttotal Status Flags
r-devel-linux-x86_64-debian-clang 2.68.8 24.10 114.68 138.78 OK
r-devel-linux-x86_64-debian-gcc 2.68.8 16.89 87.23 104.12 OK
r-devel-linux-x86_64-fedora-clang 2.68.8 183.32 NOTE
r-devel-linux-x86_64-fedora-gcc 2.68.8 167.73 OK
r-devel-windows-ix86+x86_64 2.68.8 35.00 136.00 171.00 OK
r-devel-windows-x86_64-gcc10-UCRT 2.68.8 OK
r-patched-linux-x86_64 2.68.8 22.18 106.46 128.64 OK
r-patched-solaris-x86 2.68.8 177.40 NOTE
r-release-linux-x86_64 2.68.8 22.73 105.95 128.68 OK
r-release-macos-x86_64 2.68.8 NOTE
r-release-windows-ix86+x86_64 2.68.8 33.00 139.00 172.00 OK
r-oldrel-macos-x86_64 2.68.8 NOTE
r-oldrel-windows-ix86+x86_64 2.68.8 40.00 102.00 142.00 OK

Check Details

Version: 2.68.8
Check: installed package size
Result: NOTE
     installed size is 5.3Mb
     sub-directories of 1Mb or more:
     doc 1.3Mb
     examples 1.7Mb
Flavors: r-devel-linux-x86_64-fedora-clang, r-patched-solaris-x86, r-release-macos-x86_64, r-oldrel-macos-x86_64

Version: 2.68.8
Check: R code for possible problems
Result: NOTE
    XIO: fatal IO error 146 (Connection refused) on X server ":5.0"
     after 0 requests (0 known processed) with 0 events remaining.
Flavor: r-patched-solaris-x86