Last updated on 2022-06-25 12:54:30 CEST.
Flavor | Version | Tinstall | Tcheck | Ttotal | Status | Flags |
---|---|---|---|---|---|---|
r-devel-linux-x86_64-debian-clang | 2.73.0 | 21.98 | 94.09 | 116.07 | OK | |
r-devel-linux-x86_64-debian-gcc | 2.73.0 | 19.27 | 72.95 | 92.22 | OK | |
r-devel-linux-x86_64-fedora-clang | 2.73.0 | 159.82 | NOTE | |||
r-devel-linux-x86_64-fedora-gcc | 2.73.0 | 150.62 | OK | |||
r-devel-windows-x86_64 | 2.73.0 | 118.00 | 141.00 | 259.00 | NOTE | |
r-patched-linux-x86_64 | 2.73.0 | 24.28 | 88.40 | 112.68 | OK | |
r-release-linux-x86_64 | 2.73.0 | 21.39 | 89.20 | 110.59 | OK | |
r-release-macos-arm64 | 2.73.0 | 37.00 | NOTE | |||
r-release-macos-x86_64 | 2.73.0 | 60.00 | NOTE | |||
r-release-windows-x86_64 | 2.73.0 | 153.00 | 140.00 | 293.00 | NOTE | |
r-oldrel-macos-arm64 | 2.73.0 | 47.00 | NOTE | |||
r-oldrel-macos-x86_64 | 2.73.0 | 90.00 | NOTE | |||
r-oldrel-windows-ix86+x86_64 | 2.73.0 | 53.00 | 156.00 | 209.00 | NOTE |
Version: 2.73.0
Check: installed package size
Result: NOTE
installed size is 6.4Mb
sub-directories of 1Mb or more:
data 2.7Mb
doc 1.1Mb
libs 1.1Mb
Flavors: r-devel-linux-x86_64-fedora-clang, r-devel-windows-x86_64, r-release-macos-arm64, r-release-macos-x86_64, r-release-windows-x86_64, r-oldrel-macos-arm64, r-oldrel-macos-x86_64, r-oldrel-windows-ix86+x86_64