Last updated on 2024-04-19 11:56:55 CEST.
Flavor | Version | Tinstall | Tcheck | Ttotal | Status | Flags |
---|---|---|---|---|---|---|
r-devel-linux-x86_64-debian-clang | 0.1-0 | 7.30 | 81.24 | 88.54 | NOTE | |
r-devel-linux-x86_64-debian-gcc | 0.1-0 | NOTE | ||||
r-devel-linux-x86_64-fedora-clang | 0.1-0 | 109.84 | NOTE | |||
r-devel-linux-x86_64-fedora-gcc | 0.1-0 | 116.91 | NOTE | |||
r-prerel-macos-arm64 | 0.1-0 | 42.00 | NOTE | |||
r-prerel-windows-x86_64 | 0.1-0 | 7.00 | 91.00 | 98.00 | NOTE | |
r-patched-linux-x86_64 | 0.1-0 | 8.56 | 77.11 | 85.67 | NOTE | |
r-release-linux-x86_64 | 0.1-0 | 7.71 | 77.47 | 85.18 | NOTE | |
r-release-macos-arm64 | 0.1-0 | 46.00 | NOTE | |||
r-release-macos-x86_64 | 0.1-0 | 62.00 | NOTE | |||
r-release-windows-x86_64 | 0.1-0 | 9.00 | 100.00 | 109.00 | NOTE | |
r-oldrel-macos-arm64 | 0.1-0 | 32.00 | NOTE | |||
r-oldrel-windows-x86_64 | 0.1-0 | 9.00 | 102.00 | 111.00 | NOTE |
Version: 0.1-0
Check: LazyData
Result: NOTE
'LazyData' is specified without a 'data' directory
Flavors: r-devel-linux-x86_64-debian-clang, r-devel-linux-x86_64-debian-gcc, r-devel-linux-x86_64-fedora-clang, r-devel-linux-x86_64-fedora-gcc, r-prerel-macos-arm64, r-prerel-windows-x86_64, r-patched-linux-x86_64, r-release-linux-x86_64, r-release-macos-arm64, r-release-macos-x86_64, r-release-windows-x86_64, r-oldrel-macos-arm64, r-oldrel-windows-x86_64