CRAN Package Check Results for Package PBIBD

Last updated on 2024-06-21 11:56:31 CEST.

Flavor Version Tinstall Tcheck Ttotal Status Flags
r-devel-linux-x86_64-debian-clang 1.3 2.83 25.60 28.43 NOTE
r-devel-linux-x86_64-debian-gcc 1.3 2.61 19.72 22.33 NOTE
r-devel-linux-x86_64-fedora-clang 1.3 37.93 NOTE
r-devel-linux-x86_64-fedora-gcc 1.3 34.08 NOTE
r-devel-windows-x86_64 1.3 3.00 39.00 42.00 NOTE
r-patched-linux-x86_64 1.3 2.77 24.69 27.46 NOTE
r-release-linux-x86_64 1.3 2.82 25.40 28.22 NOTE
r-release-macos-arm64 1.3 16.00 NOTE
r-release-macos-x86_64 1.3 20.00 NOTE
r-release-windows-x86_64 1.3 3.00 38.00 41.00 NOTE
r-oldrel-macos-arm64 1.3 17.00 OK
r-oldrel-macos-x86_64 1.3 20.00 OK
r-oldrel-windows-x86_64 1.3 5.00 39.00 44.00 OK

Check Details

Version: 1.3
Check: Rd files
Result: NOTE checkRd: (-1) ym1.Rd:10: Lost braces; missing escapes or markup? 10 | lambda 1 = v - 2(t + 1), lambda {m-i} = v - 2t - 1 - 2i ; i = 0, 1, ..., t-1 | ^ checkRd: (-1) ym1.Rd:12: Lost braces; missing escapes or markup? 12 | lambda t = lambda {t+1} = ... = lambda {m-t} = v - 4t. If t >=3 then, lambda i = v - 2(t + i); i = 2, 3, ..., t-1 | ^ checkRd: (-1) ym1.Rd:12: Lost braces; missing escapes or markup? 12 | lambda t = lambda {t+1} = ... = lambda {m-t} = v - 4t. If t >=3 then, lambda i = v - 2(t + i); i = 2, 3, ..., t-1 | ^ checkRd: (-1) ym1.Rd:18: Lost braces; missing escapes or markup? 18 | lambda 1 = v - 2t - 1, lambda {m-i} = v - 2(t + 1) - i; i = 0, 1, ..., t - 1, lambda {m-(t-1)-i} = lambda {m-(t-1)} - i ; i = 0, 1, 2, ..., t-1 | ^ checkRd: (-1) ym1.Rd:18: Lost braces; missing escapes or markup? 18 | lambda 1 = v - 2t - 1, lambda {m-i} = v - 2(t + 1) - i; i = 0, 1, ..., t - 1, lambda {m-(t-1)-i} = lambda {m-(t-1)} - i ; i = 0, 1, 2, ..., t-1 | ^ checkRd: (-1) ym1.Rd:18: Lost braces; missing escapes or markup? 18 | lambda 1 = v - 2t - 1, lambda {m-i} = v - 2(t + 1) - i; i = 0, 1, ..., t - 1, lambda {m-(t-1)-i} = lambda {m-(t-1)} - i ; i = 0, 1, 2, ..., t-1 | ^ checkRd: (-1) ym1.Rd:20: Lost braces; missing escapes or markup? 20 | and lambda 2 = lambda 3= ... = lambda {(m-2t+1)} = lambda {(m-2t+2)} | ^ checkRd: (-1) ym1.Rd:20: Lost braces; missing escapes or markup? 20 | and lambda 2 = lambda 3= ... = lambda {(m-2t+1)} = lambda {(m-2t+2)} | ^ checkRd: (-1) ym2.Rd:8: Lost braces; missing escapes or markup? 8 | If m is even, then lambda {i+1} = lambda i - 2; i = 1, 2, ..., m/2 and lambda {i-1} = lambda i - 2; i = m, m-1, ..., (m/2)+1 | ^ checkRd: (-1) ym2.Rd:8: Lost braces; missing escapes or markup? 8 | If m is even, then lambda {i+1} = lambda i - 2; i = 1, 2, ..., m/2 and lambda {i-1} = lambda i - 2; i = m, m-1, ..., (m/2)+1 | ^ checkRd: (-1) ym2.Rd:10: Lost braces; missing escapes or markup? 10 | If m is odd, then lambda {i+1} = lambda i - 2; i = 1, 2, ..., (m+1)/2 and lambda {i-1} = lambda i - 2; i = m, m-1, ..., ((m+1)/2) + 1 | ^ checkRd: (-1) ym2.Rd:10: Lost braces; missing escapes or markup? 10 | If m is odd, then lambda {i+1} = lambda i - 2; i = 1, 2, ..., (m+1)/2 and lambda {i-1} = lambda i - 2; i = m, m-1, ..., ((m+1)/2) + 1 | ^ checkRd: (-1) ym3.Rd:10: Lost braces; missing escapes or markup? 10 | if m > 3 then, lambda j = lambda {j-1}+1 ; j = t+3, t+4, ...,m | ^ Flavors: r-devel-linux-x86_64-debian-clang, r-devel-linux-x86_64-debian-gcc, r-devel-linux-x86_64-fedora-clang, r-devel-linux-x86_64-fedora-gcc, r-devel-windows-x86_64, r-patched-linux-x86_64, r-release-linux-x86_64, r-release-macos-arm64, r-release-macos-x86_64, r-release-windows-x86_64