Last updated on 2022-05-20 12:53:31 CEST.
Flavor | Version | Tinstall | Tcheck | Ttotal | Status | Flags |
---|---|---|---|---|---|---|
r-devel-linux-x86_64-debian-clang | 1.0.5 | 53.09 | 275.30 | 328.39 | OK | |
r-devel-linux-x86_64-debian-gcc | 1.0.5 | 54.84 | 199.57 | 254.41 | OK | |
r-devel-linux-x86_64-fedora-clang | 1.0.5 | 407.35 | NOTE | |||
r-devel-windows-x86_64 | 1.0.5 | 54.00 | 305.00 | 359.00 | OK | |
r-patched-linux-x86_64 | 1.0.5 | 58.70 | 262.42 | 321.12 | OK | |
r-release-linux-x86_64 | 1.0.5 | 56.95 | 256.62 | 313.57 | OK | |
r-release-macos-arm64 | 1.0.5 | 79.00 | NOTE | |||
r-release-macos-x86_64 | 1.0.5 | 118.00 | NOTE | |||
r-release-windows-x86_64 | 1.0.5 | 55.00 | 316.00 | 371.00 | OK | |
r-oldrel-macos-arm64 | 1.0.5 | 78.00 | NOTE | |||
r-oldrel-macos-x86_64 | 1.0.5 | 127.00 | NOTE | |||
r-oldrel-windows-ix86+x86_64 | 1.0.5 | 163.00 | 341.00 | 504.00 | OK |
Version: 1.0.5
Check: installed package size
Result: NOTE
installed size is 8.0Mb
sub-directories of 1Mb or more:
libs 7.6Mb
Flavors: r-devel-linux-x86_64-fedora-clang, r-release-macos-arm64, r-release-macos-x86_64, r-oldrel-macos-arm64, r-oldrel-macos-x86_64