CRAN Package Check Results for Package OssaNMA

Last updated on 2024-06-12 21:49:56 CEST.

Flavor Version Tinstall Tcheck Ttotal Status Flags
r-devel-linux-x86_64-debian-clang 0.1.2 1.98 66.40 68.38 OK
r-devel-linux-x86_64-debian-gcc 0.1.2 1.69 23.92 25.61 ERROR
r-devel-linux-x86_64-fedora-clang 0.1.2 93.21 OK
r-devel-linux-x86_64-fedora-gcc 0.1.2 94.30 OK
r-devel-windows-x86_64 0.1.2 3.00 95.00 98.00 OK
r-patched-linux-x86_64 0.1.2 2.20 63.50 65.70 OK
r-release-linux-x86_64 0.1.2 2.33 65.41 67.74 OK
r-release-macos-arm64 0.1.2 31.00 OK
r-release-macos-x86_64 0.1.2 46.00 OK
r-release-windows-x86_64 0.1.2 3.00 74.00 77.00 OK
r-oldrel-macos-arm64 0.1.2 42.00 OK
r-oldrel-macos-x86_64 0.1.2 70.00 OK
r-oldrel-windows-x86_64 0.1.2 3.00 86.00 89.00 OK

Check Details

Version: 0.1.2
Check: package dependencies
Result: NOTE Package suggested but not available for checking: ‘netmeta’ Flavor: r-devel-linux-x86_64-debian-gcc

Version: 0.1.2
Check: re-building of vignette outputs
Result: ERROR Error(s) in re-building vignettes: ... --- re-building ‘Introduction.Rmd’ using rmarkdown Quitting from lines 120-124 [unnamed-chunk-11] (Introduction.Rmd) Error: processing vignette 'Introduction.Rmd' failed with diagnostics: there is no package called 'netmeta' --- failed re-building ‘Introduction.Rmd’ SUMMARY: processing the following file failed: ‘Introduction.Rmd’ Error: Vignette re-building failed. Execution halted Flavor: r-devel-linux-x86_64-debian-gcc