CRAN Package Check Results for Package OscillatorGenerator

Last updated on 2025-02-04 03:49:56 CET.

Flavor Version Tinstall Tcheck Ttotal Status Flags
r-devel-linux-x86_64-debian-clang 0.1.0 3.40 23.94 27.34 OK
r-devel-linux-x86_64-debian-gcc 0.1.0 2.10 17.69 19.79 OK
r-devel-linux-x86_64-fedora-clang 0.1.0 46.63 OK
r-devel-linux-x86_64-fedora-gcc 0.1.0 41.68 OK
r-devel-windows-x86_64 0.1.0 4.00 42.00 46.00 OK
r-patched-linux-x86_64 0.1.0 3.22 22.70 25.92 NOTE
r-release-linux-x86_64 0.1.0 2.90 23.35 26.25 NOTE
r-release-macos-arm64 0.1.0 17.00 NOTE
r-release-macos-x86_64 0.1.0 21.00 NOTE
r-release-windows-x86_64 0.1.0 4.00 41.00 45.00 NOTE
r-oldrel-macos-arm64 0.1.0 18.00 NOTE
r-oldrel-macos-x86_64 0.1.0 24.00 NOTE
r-oldrel-windows-x86_64 0.1.0 5.00 43.00 48.00 NOTE

Check Details

Version: 0.1.0
Check: LazyData
Result: NOTE 'LazyData' is specified without a 'data' directory Flavors: r-patched-linux-x86_64, r-release-linux-x86_64, r-release-macos-arm64, r-release-macos-x86_64, r-release-windows-x86_64, r-oldrel-macos-arm64, r-oldrel-macos-x86_64, r-oldrel-windows-x86_64