CRAN Package Check Results for Package OrdFacReg

Last updated on 2024-06-19 03:50:34 CEST.

Flavor Version Tinstall Tcheck Ttotal Status Flags
r-devel-linux-x86_64-debian-clang 1.0.6 7.98 72.31 80.29 NOTE
r-devel-linux-x86_64-debian-gcc 1.0.6 6.72 54.31 61.03 NOTE
r-devel-linux-x86_64-fedora-clang 1.0.6 102.91 NOTE
r-devel-linux-x86_64-fedora-gcc 1.0.6 94.57 NOTE
r-devel-windows-x86_64 1.0.6 7.00 69.00 76.00 NOTE
r-patched-linux-x86_64 1.0.6 9.11 68.33 77.44 NOTE
r-release-linux-x86_64 1.0.6 5.69 70.33 76.02 NOTE
r-release-macos-arm64 1.0.6 32.00 NOTE
r-release-macos-x86_64 1.0.6 49.00 NOTE
r-release-windows-x86_64 1.0.6 8.00 71.00 79.00 NOTE
r-oldrel-macos-arm64 1.0.6 35.00 OK
r-oldrel-macos-x86_64 1.0.6 55.00 OK
r-oldrel-windows-x86_64 1.0.6 9.00 81.00 90.00 OK

Check Details

Version: 1.0.6
Check: Rd files
Result: NOTE checkRd: (-1) internal.Rd:26-27: Lost braces in \itemize; meant \describe ? checkRd: (-1) internal.Rd:29-31: Lost braces in \itemize; meant \describe ? checkRd: (-1) internal.Rd:33: Lost braces in \itemize; meant \describe ? checkRd: (-1) internal.Rd:35: Lost braces in \itemize; meant \describe ? checkRd: (-1) internal.Rd:37-38: Lost braces in \itemize; meant \describe ? checkRd: (-1) internal.Rd:40-41: Lost braces in \itemize; meant \describe ? checkRd: (-1) internal.Rd:43-44: Lost braces in \itemize; meant \describe ? checkRd: (-1) internal.Rd:46: Lost braces in \itemize; meant \describe ? checkRd: (-1) internal.Rd:48: Lost braces in \itemize; meant \describe ? checkRd: (-1) internal.Rd:50: Lost braces in \itemize; meant \describe ? checkRd: (-1) internal.Rd:52: Lost braces in \itemize; meant \describe ? checkRd: (-1) internal.Rd:54: Lost braces in \itemize; meant \describe ? checkRd: (-1) internal.Rd:56-57: Lost braces in \itemize; meant \describe ? checkRd: (-1) internal.Rd:59-60: Lost braces in \itemize; meant \describe ? checkRd: (-1) internal.Rd:62-63: Lost braces in \itemize; meant \describe ? checkRd: (-1) internal.Rd:65-66: Lost braces in \itemize; meant \describe ? checkRd: (-1) internal.Rd:68: Lost braces in \itemize; meant \describe ? checkRd: (-1) internal.Rd:70: Lost braces in \itemize; meant \describe ? Flavors: r-devel-linux-x86_64-debian-clang, r-devel-linux-x86_64-debian-gcc, r-devel-linux-x86_64-fedora-clang, r-devel-linux-x86_64-fedora-gcc, r-devel-windows-x86_64, r-patched-linux-x86_64, r-release-linux-x86_64, r-release-macos-arm64, r-release-macos-x86_64, r-release-windows-x86_64