Last updated on 2024-04-26 11:52:45 CEST.
Flavor | Version | Tinstall | Tcheck | Ttotal | Status | Flags |
---|---|---|---|---|---|---|
r-devel-linux-x86_64-debian-clang | 1.2 | 1.99 | 30.86 | 32.85 | NOTE | |
r-devel-linux-x86_64-debian-gcc | 1.2 | 1.78 | 23.36 | 25.14 | NOTE | |
r-devel-linux-x86_64-fedora-clang | 1.2 | 41.05 | NOTE | |||
r-devel-linux-x86_64-fedora-gcc | 1.2 | 41.08 | NOTE | |||
r-devel-windows-x86_64 | 1.2 | 2.00 | 43.00 | 45.00 | NOTE | |
r-patched-linux-x86_64 | 1.2 | 2.41 | 29.88 | 32.29 | NOTE | |
r-release-linux-x86_64 | 1.2 | 1.94 | 29.41 | 31.35 | OK | |
r-release-macos-arm64 | 1.2 | 15.00 | NOTE | |||
r-release-windows-x86_64 | 1.2 | 3.00 | 42.00 | 45.00 | NOTE | |
r-oldrel-macos-arm64 | 1.2 | 17.00 | OK | |||
r-oldrel-macos-x86_64 | 1.2 | 23.00 | OK | |||
r-oldrel-windows-x86_64 | 1.2 | 3.00 | 45.00 | 48.00 | OK |
Version: 1.2
Check: Rd files
Result: NOTE
checkRd: (-1) MonteCarlo.Rd:23: Lost braces
23 | N is computed from \code{p} length. M is code{10^4} by default.
| ^
Flavors: r-devel-linux-x86_64-debian-clang, r-devel-linux-x86_64-debian-gcc, r-devel-linux-x86_64-fedora-clang, r-devel-linux-x86_64-fedora-gcc, r-devel-windows-x86_64, r-patched-linux-x86_64, r-release-macos-arm64, r-release-windows-x86_64