CRAN Package Check Results for Package OpenTreeChronograms

Last updated on 2024-03-01 03:56:38 CET.

Flavor Version Tinstall Tcheck Ttotal Status Flags
r-devel-linux-x86_64-debian-clang 2022.1.28 13.33 41.80 55.13 OK
r-devel-linux-x86_64-debian-gcc 2022.1.28 11.83 31.86 43.69 OK
r-devel-linux-x86_64-fedora-clang 2022.1.28 70.32 NOTE
r-devel-linux-x86_64-fedora-gcc 2022.1.28 70.02 NOTE
r-devel-windows-x86_64 2022.1.28 16.00 62.00 78.00 OK
r-patched-linux-x86_64 2022.1.28 22.54 40.76 63.30 OK
r-release-linux-x86_64 2022.1.28 12.89 40.83 53.72 OK
r-release-macos-arm64 2022.1.28 38.00 OK
r-release-macos-x86_64 2022.1.28 46.00 OK
r-release-windows-x86_64 2022.1.28 19.00 65.00 84.00 OK
r-oldrel-macos-arm64 2022.1.28 37.00 NOTE
r-oldrel-windows-x86_64 2022.1.28 20.00 67.00 87.00 OK

Check Details

Version: 2022.1.28
Check: data for non-ASCII characters
Result: NOTE Note: found 167 marked UTF-8 strings Flavors: r-devel-linux-x86_64-fedora-clang, r-devel-linux-x86_64-fedora-gcc, r-oldrel-macos-arm64