Last updated on 2023-03-23 12:52:13 CET.
Flavor | Version | Tinstall | Tcheck | Ttotal | Status | Flags |
---|---|---|---|---|---|---|
r-devel-linux-x86_64-debian-clang | 0.9.5 | 10.23 | 105.07 | 115.30 | OK | |
r-devel-linux-x86_64-debian-gcc | 0.9.5 | 8.88 | 79.90 | 88.78 | OK | |
r-devel-linux-x86_64-fedora-clang | 0.9.5 | 141.70 | OK | |||
r-devel-linux-x86_64-fedora-gcc | 0.9.5 | 154.45 | OK | |||
r-devel-windows-x86_64 | 0.9.5 | 43.00 | 151.00 | 194.00 | OK | |
r-patched-linux-x86_64 | 0.9.5 | 12.29 | 95.88 | 108.17 | OK | |
r-release-linux-x86_64 | 0.9.5 | 10.71 | 97.14 | 107.85 | OK | |
r-release-macos-arm64 | 0.9.5 | 45.00 | OK | |||
r-release-macos-x86_64 | 0.9.5 | 63.00 | OK | |||
r-release-windows-x86_64 | 0.9.5 | 52.00 | 140.00 | 192.00 | OK | |
r-oldrel-macos-arm64 | 0.9.5 | 44.00 | OK | |||
r-oldrel-macos-x86_64 | 0.9.5 | 62.00 | OK | |||
r-oldrel-windows-ix86+x86_64 | 0.9.5 | 26.00 | 140.00 | 166.00 | NOTE |
Version: 0.9.5
Check: R code for possible problems
Result: NOTE
Initiating curl with CURL_SSL_BACKEND: openssl
Flavor: r-oldrel-windows-ix86+x86_64