CRAN Package Check Results for Package OpenSpecy

Last updated on 2024-02-29 20:52:55 CET.

Flavor Version Tinstall Tcheck Ttotal Status Flags
r-devel-linux-x86_64-debian-clang 1.0.6 17.40 190.01 207.41 OK
r-devel-linux-x86_64-debian-gcc 1.0.6 15.75 145.21 160.96 OK
r-devel-linux-x86_64-fedora-clang 1.0.6 259.48 NOTE
r-devel-linux-x86_64-fedora-gcc 1.0.6 272.93 NOTE
r-devel-windows-x86_64 1.0.6 18.00 156.00 174.00 NOTE
r-patched-linux-x86_64 1.0.6 12.82 185.14 197.96 OK
r-release-linux-x86_64 1.0.6 12.58 186.14 198.72 OK
r-release-macos-arm64 1.0.6 88.00 NOTE
r-release-macos-x86_64 1.0.6 171.00 NOTE
r-release-windows-x86_64 1.0.6 22.00 202.00 224.00 NOTE
r-oldrel-macos-arm64 1.0.6 87.00 NOTE
r-oldrel-windows-x86_64 1.0.6 23.00 203.00 226.00 NOTE

Check Details

Version: 1.0.6
Check: installed package size
Result: NOTE installed size is 5.9Mb sub-directories of 1Mb or more: doc 4.3Mb Flavors: r-devel-linux-x86_64-fedora-clang, r-devel-windows-x86_64, r-release-macos-arm64, r-release-macos-x86_64, r-release-windows-x86_64, r-oldrel-macos-arm64, r-oldrel-windows-x86_64

Version: 1.0.6
Check: data for non-ASCII characters
Result: NOTE Note: found 10 marked UTF-8 strings Flavors: r-devel-linux-x86_64-fedora-clang, r-devel-linux-x86_64-fedora-gcc