Last updated on 2021-03-08 06:47:40 CET.
Flavor | Version | Tinstall | Tcheck | Ttotal | Status | Flags |
---|---|---|---|---|---|---|
r-devel-linux-x86_64-debian-clang | 0.1.12 | 21.76 | 114.28 | 136.04 | OK | |
r-devel-linux-x86_64-debian-gcc | 0.1.12 | 15.60 | 86.73 | 102.33 | OK | |
r-devel-linux-x86_64-fedora-clang | 0.1.12 | 177.25 | OK | |||
r-devel-linux-x86_64-fedora-gcc | 0.1.12 | 160.34 | OK | |||
r-devel-windows-ix86+x86_64 | 0.1.12 | 34.00 | 133.00 | 167.00 | OK | |
r-devel-windows-x86_64-gcc10-UCRT | 0.1.12 | OK | ||||
r-patched-linux-x86_64 | 0.1.12 | 19.61 | 108.52 | 128.13 | OK | |
r-patched-solaris-x86 | 0.1.12 | 221.10 | OK | |||
r-release-linux-x86_64 | 0.1.12 | 21.42 | 107.47 | 128.89 | OK | |
r-release-macos-x86_64 | 0.1.12 | OK | ||||
r-release-windows-ix86+x86_64 | 0.1.12 | 24.00 | 101.00 | 125.00 | OK | |
r-oldrel-macos-x86_64 | 0.1.12 | WARN | ||||
r-oldrel-windows-ix86+x86_64 | 0.1.12 | 20.00 | 95.00 | 115.00 | OK |
Version: 0.1.12
Check: whether package can be installed
Result: WARN
Found the following significant warnings:
Warning: 'rgl_init' failed, running with rgl.useNULL = TRUE
Flavor: r-oldrel-macos-x86_64