Last updated on 2023-09-29 12:57:04 CEST.
Flavor | Version | Tinstall | Tcheck | Ttotal | Status | Flags |
---|---|---|---|---|---|---|
r-devel-linux-x86_64-debian-clang | 2.21.8 | 1447.40 | 444.95 | 1892.35 | NOTE | |
r-devel-linux-x86_64-debian-gcc | 2.21.8 | 1091.52 | 402.55 | 1494.07 | NOTE | |
r-devel-linux-x86_64-fedora-clang | 2.21.8 | 2715.24 | NOTE | |||
r-devel-linux-x86_64-fedora-gcc | 2.21.8 | 2994.11 | NOTE | |||
r-devel-windows-x86_64 | 2.21.8 | 987.00 | 446.00 | 1433.00 | NOTE | |
r-patched-linux-x86_64 | 2.21.8 | 1483.70 | 506.93 | 1990.63 | NOTE | |
r-release-linux-x86_64 | 2.21.8 | 1482.29 | 508.22 | 1990.51 | NOTE | |
r-release-macos-arm64 | 2.21.8 | 582.00 | NOTE | |||
r-release-macos-x86_64 | 2.21.8 | 1036.00 | NOTE | |||
r-release-windows-x86_64 | 2.21.8 | 1250.00 | 572.00 | 1822.00 | NOTE | |
r-oldrel-macos-arm64 | 2.21.8 | 555.00 | NOTE | |||
r-oldrel-macos-x86_64 | 2.21.8 | 702.00 | NOTE | |||
r-oldrel-windows-x86_64 | 2.21.8 | 1252.00 | 484.00 | 1736.00 | NOTE |
Version: 2.21.8
Check: for GNU extensions in Makefiles
Result: NOTE
GNU make is a SystemRequirements.
Flavors: r-devel-linux-x86_64-debian-clang, r-devel-linux-x86_64-debian-gcc, r-devel-linux-x86_64-fedora-clang, r-devel-linux-x86_64-fedora-gcc, r-devel-windows-x86_64, r-patched-linux-x86_64, r-release-linux-x86_64, r-release-macos-arm64, r-release-macos-x86_64, r-release-windows-x86_64, r-oldrel-macos-arm64, r-oldrel-macos-x86_64, r-oldrel-windows-x86_64
Version: 2.21.8
Check: installed package size
Result: NOTE
installed size is 16.8Mb
sub-directories of 1Mb or more:
R 2.6Mb
data 1.4Mb
libs 5.7Mb
models 4.8Mb
Flavors: r-devel-linux-x86_64-fedora-clang, r-devel-windows-x86_64, r-release-macos-arm64, r-release-macos-x86_64, r-release-windows-x86_64, r-oldrel-macos-arm64, r-oldrel-macos-x86_64, r-oldrel-windows-x86_64